{"id":1679,"date":"2017-07-14T15:02:14","date_gmt":"2017-07-14T15:02:14","guid":{"rendered":"https:\/\/interreg-hr-ba-me.eu\/2014\/"},"modified":"2019-05-13T14:44:56","modified_gmt":"2019-05-13T12:44:56","slug":"implementation-launch-conference-and-2nd-implementation-workshop-held-in-montenegro","status":"publish","type":"novost","link":"https:\/\/interreg-hr-ba-me.eu\/2014\/novost\/implementation-launch-conference-and-2nd-implementation-workshop-held-in-montenegro\/","title":{"rendered":"Implementation Launch Conference and 2nd Implementation Workshop Held in Montenegro"},"content":{"rendered":"<p>On July 10th 2017, implementation launch conference was held in Podgorica, Montenegro, whose aim was to mark the beginning of the implementation of the projects contracted within the 1st Call for Proposals published in the framework of the programme Interreg-IPA CBC Croatia \u2013 Bosnia and Herzegovina \u2013 Montenegro 2014-2020. The conference was organized by the Agency for Regional Development of the Republic of Croatia and the Ministry of European Affairs of Montenegro.<br \/>\nAt the conference, the results of the 1st Call for Proposals were presented to the interested public. The introductory speeches were held by the Minister of Foreign Affairs of Montenegro, Mr. Aleksandar Andrija Pejovi\u0107, the Minister of Regional Development and EU Funds of the Republic of Croatia, Mrs. Gabrijela \u017dalac, Asisstant Director of the Direction for European Integration of Bosnia and Herzegovina, Mrs. Zara Halilovi\u0107, Ambassador of the European Union in Montenegro, Mr. Aivo Orav and the Acting Director of the Agency for Regional Development of the Republic of Croatia, Mrs. Stella Arneri.<br \/>\nAll of the speakers expressed their support to the Programme and highlighted the importance of cross-border cooperation in the framework of the Cohesion Policy of the European Union. The introductory speeches were followed by presentation of the results of the contracting process as well as examples of projects contracted in the framework of the 1st Call for Proposals.<br \/>\nAfter the conference, from July 11th to July 13th, the 2nd Implementation Workshop was held in Herceg Novi, Montenegro, organized by the Managing Authority and the Joint Secretariat of the Programme. The Workshop was provided for representatives of Project Partners participating in the projects contracted in the framework of the 1st Call for Proposals. All key aspects of project implementation were presented to the participants of the workshop, such as reporting obligations, reporting in the eMS, financial management of the project, project modifications, visibility requirements and public procurement procedure.<br \/>\nThe presentations held at the 2nd Implementation Workshop can be downloaded <a href=\"https:\/\/interreg-hr-ba-me.eu\/2014\/wp-content\/uploads\/PDFs-1.zip\">here. <\/a><br \/>\n<div id='gallery-1' class='gallery galleryid-1679 gallery-columns-3 gallery-size-thumbnail'><figure class='gallery-item'>\n\t\t\t<div class='gallery-icon landscape'>\n\t\t\t\t<a href='https:\/\/interreg-hr-ba-me.eu\/2014\/fotor_150003914808940\/'><img width=\"150\" height=\"150\" src=\"https:\/\/interreg-hr-ba-me.eu\/2014\/wp-content\/uploads\/Fotor_150003914808940-150x150.jpg\" class=\"attachment-thumbnail size-thumbnail\" alt=\"\" loading=\"lazy\" srcset=\"https:\/\/interreg-hr-ba-me.eu\/2014\/wp-content\/uploads\/Fotor_150003914808940-150x150.jpg 150w, https:\/\/interreg-hr-ba-me.eu\/2014\/wp-content\/uploads\/Fotor_150003914808940-66x66.jpg 66w\" sizes=\"(max-width: 150px) 100vw, 150px\" \/><\/a>\n\t\t\t<\/div><\/figure><figure class='gallery-item'>\n\t\t\t<div class='gallery-icon landscape'>\n\t\t\t\t<a href='https:\/\/interreg-hr-ba-me.eu\/2014\/20170711_141228\/'><img width=\"150\" height=\"150\" src=\"https:\/\/interreg-hr-ba-me.eu\/2014\/wp-content\/uploads\/20170711_141228-150x150.jpg\" class=\"attachment-thumbnail size-thumbnail\" alt=\"\" loading=\"lazy\" srcset=\"https:\/\/interreg-hr-ba-me.eu\/2014\/wp-content\/uploads\/20170711_141228-150x150.jpg 150w, https:\/\/interreg-hr-ba-me.eu\/2014\/wp-content\/uploads\/20170711_141228-66x66.jpg 66w\" sizes=\"(max-width: 150px) 100vw, 150px\" \/><\/a>\n\t\t\t<\/div><\/figure><figure class='gallery-item'>\n\t\t\t<div class='gallery-icon landscape'>\n\t\t\t\t<a href='https:\/\/interreg-hr-ba-me.eu\/2014\/20170711_092900\/'><img width=\"150\" height=\"150\" src=\"https:\/\/interreg-hr-ba-me.eu\/2014\/wp-content\/uploads\/20170711_092900-150x150.jpg\" class=\"attachment-thumbnail size-thumbnail\" alt=\"\" loading=\"lazy\" srcset=\"https:\/\/interreg-hr-ba-me.eu\/2014\/wp-content\/uploads\/20170711_092900-150x150.jpg 150w, https:\/\/interreg-hr-ba-me.eu\/2014\/wp-content\/uploads\/20170711_092900-66x66.jpg 66w\" sizes=\"(max-width: 150px) 100vw, 150px\" \/><\/a>\n\t\t\t<\/div><\/figure>\n\t\t<\/div>\n<br \/>\n<div id='gallery-2' class='gallery galleryid-1679 gallery-columns-3 gallery-size-thumbnail'><figure class='gallery-item'>\n\t\t\t<div class='gallery-icon landscape'>\n\t\t\t\t<a href='https:\/\/interreg-hr-ba-me.eu\/2014\/fotka-konferencija-3\/'><img width=\"150\" height=\"150\" src=\"https:\/\/interreg-hr-ba-me.eu\/2014\/wp-content\/uploads\/Fotka-konferencija-3.jpg\" class=\"attachment-thumbnail size-thumbnail\" alt=\"\" loading=\"lazy\" srcset=\"https:\/\/interreg-hr-ba-me.eu\/2014\/wp-content\/uploads\/Fotka-konferencija-3.jpg 150w, https:\/\/interreg-hr-ba-me.eu\/2014\/wp-content\/uploads\/Fotka-konferencija-3-66x66.jpg 66w\" sizes=\"(max-width: 150px) 100vw, 150px\" \/><\/a>\n\t\t\t<\/div><\/figure><figure class='gallery-item'>\n\t\t\t<div class='gallery-icon landscape'>\n\t\t\t\t<a href='https:\/\/interreg-hr-ba-me.eu\/2014\/fotka-konferencija-2\/'><img width=\"150\" height=\"150\" src=\"https:\/\/interreg-hr-ba-me.eu\/2014\/wp-content\/uploads\/Fotka-konferencija-2.jpg\" class=\"attachment-thumbnail size-thumbnail\" alt=\"\" loading=\"lazy\" srcset=\"https:\/\/interreg-hr-ba-me.eu\/2014\/wp-content\/uploads\/Fotka-konferencija-2.jpg 150w, https:\/\/interreg-hr-ba-me.eu\/2014\/wp-content\/uploads\/Fotka-konferencija-2-66x66.jpg 66w\" sizes=\"(max-width: 150px) 100vw, 150px\" \/><\/a>\n\t\t\t<\/div><\/figure><figure class='gallery-item'>\n\t\t\t<div class='gallery-icon landscape'>\n\t\t\t\t<a href='https:\/\/interreg-hr-ba-me.eu\/2014\/fotka-konferencija-1\/'><img width=\"150\" height=\"150\" src=\"https:\/\/interreg-hr-ba-me.eu\/2014\/wp-content\/uploads\/Fotka-konferencija-1.jpg\" class=\"attachment-thumbnail size-thumbnail\" alt=\"\" loading=\"lazy\" srcset=\"https:\/\/interreg-hr-ba-me.eu\/2014\/wp-content\/uploads\/Fotka-konferencija-1.jpg 150w, https:\/\/interreg-hr-ba-me.eu\/2014\/wp-content\/uploads\/Fotka-konferencija-1-66x66.jpg 66w\" sizes=\"(max-width: 150px) 100vw, 150px\" \/><\/a>\n\t\t\t<\/div><\/figure>\n\t\t<\/div>\n<\/p>\n","protected":false},"featured_media":4313,"template":"","news-category":[26],"project-category":[],"_links":{"self":[{"href":"https:\/\/interreg-hr-ba-me.eu\/2014\/wp-json\/wp\/v2\/novost\/1679"}],"collection":[{"href":"https:\/\/interreg-hr-ba-me.eu\/2014\/wp-json\/wp\/v2\/novost"}],"about":[{"href":"https:\/\/interreg-hr-ba-me.eu\/2014\/wp-json\/wp\/v2\/types\/novost"}],"wp:featuredmedia":[{"embeddable":true,"href":"https:\/\/interreg-hr-ba-me.eu\/2014\/wp-json\/wp\/v2\/media\/4313"}],"wp:attachment":[{"href":"https:\/\/interreg-hr-ba-me.eu\/2014\/wp-json\/wp\/v2\/media?parent=1679"}],"wp:term":[{"taxonomy":"news-category","embeddable":true,"href":"https:\/\/interreg-hr-ba-me.eu\/2014\/wp-json\/wp\/v2\/news-category?post=1679"},{"taxonomy":"project-category","embeddable":true,"href":"https:\/\/interreg-hr-ba-me.eu\/2014\/wp-json\/wp\/v2\/project-category?post=1679"}],"curies":[{"name":"wp","href":"https:\/\/api.w.org\/{rel}","templated":true}]}}

<p>On July 10th 2017, implementation launch conference was held in Podgorica, Montenegro, whose aim was to mark the beginning of the implementation of the projects contracted within the 1st Call for Proposals published in the framework of the programme Interreg-IPA CBC Croatia – Bosnia and Herzegovina – Montenegro 2014-2020. The conference was organized by the Agency for Regional Development of the Republic of Croatia and the Ministry of European Affairs of Montenegro.<br />
At the conference, the results of the 1st Call for Proposals were presented to the interested public. The introductory speeches were held by the Minister of Foreign Affairs of Montenegro, Mr. Aleksandar Andrija Pejović, the Minister of Regional Development and EU Funds of the Republic of Croatia, Mrs. Gabrijela Žalac, Asisstant Director of the Direction for European Integration of Bosnia and Herzegovina, Mrs. Zara Halilović, Ambassador of the European Union in Montenegro, Mr. Aivo Orav and the Acting Director of the Agency for Regional Development of the Republic of Croatia, Mrs. Stella Arneri.<br />
All of the speakers expressed their support to the Programme and highlighted the importance of cross-border cooperation in the framework of the Cohesion Policy of the European Union. The introductory speeches were followed by presentation of the results of the contracting process as well as examples of projects contracted in the framework of the 1st Call for Proposals.<br />
After the conference, from July 11th to July 13th, the 2nd Implementation Workshop was held in Herceg Novi, Montenegro, organized by the Managing Authority and the Joint Secretariat of the Programme. The Workshop was provided for representatives of Project Partners participating in the projects contracted in the framework of the 1st Call for Proposals. All key aspects of project implementation were presented to the participants of the workshop, such as reporting obligations, reporting in the eMS, financial management of the project, project modifications, visibility requirements and public procurement procedure.<br />
The presentations held at the 2nd Implementation Workshop can be downloaded <a href="https://interreg-hr-ba-me.eu/2014/wp-content/uploads/PDFs-1.zip">here. </a><br />
<div id='gallery-1' class='gallery galleryid-1679 gallery-columns-3 gallery-size-thumbnail'><figure class='gallery-item'>
			<div class='gallery-icon landscape'>
				<a href='https://interreg-hr-ba-me.eu/2014/fotor_150003914808940/'><img width="150" height="150" src="https://interreg-hr-ba-me.eu/2014/wp-content/uploads/Fotor_150003914808940-150x150.jpg" class="attachment-thumbnail size-thumbnail" alt="" loading="lazy" srcset="https://interreg-hr-ba-me.eu/2014/wp-content/uploads/Fotor_150003914808940-150x150.jpg 150w, https://interreg-hr-ba-me.eu/2014/wp-content/uploads/Fotor_150003914808940-66x66.jpg 66w" sizes="(max-width: 150px) 100vw, 150px" /></a>
			</div></figure><figure class='gallery-item'>
			<div class='gallery-icon landscape'>
				<a href='https://interreg-hr-ba-me.eu/2014/20170711_141228/'><img width="150" height="150" src="https://interreg-hr-ba-me.eu/2014/wp-content/uploads/20170711_141228-150x150.jpg" class="attachment-thumbnail size-thumbnail" alt="" loading="lazy" srcset="https://interreg-hr-ba-me.eu/2014/wp-content/uploads/20170711_141228-150x150.jpg 150w, https://interreg-hr-ba-me.eu/2014/wp-content/uploads/20170711_141228-66x66.jpg 66w" sizes="(max-width: 150px) 100vw, 150px" /></a>
			</div></figure><figure class='gallery-item'>
			<div class='gallery-icon landscape'>
				<a href='https://interreg-hr-ba-me.eu/2014/20170711_092900/'><img width="150" height="150" src="https://interreg-hr-ba-me.eu/2014/wp-content/uploads/20170711_092900-150x150.jpg" class="attachment-thumbnail size-thumbnail" alt="" loading="lazy" srcset="https://interreg-hr-ba-me.eu/2014/wp-content/uploads/20170711_092900-150x150.jpg 150w, https://interreg-hr-ba-me.eu/2014/wp-content/uploads/20170711_092900-66x66.jpg 66w" sizes="(max-width: 150px) 100vw, 150px" /></a>
			</div></figure>
		</div>
<br />
<div id='gallery-2' class='gallery galleryid-1679 gallery-columns-3 gallery-size-thumbnail'><figure class='gallery-item'>
			<div class='gallery-icon landscape'>
				<a href='https://interreg-hr-ba-me.eu/2014/fotka-konferencija-3/'><img width="150" height="150" src="https://interreg-hr-ba-me.eu/2014/wp-content/uploads/Fotka-konferencija-3.jpg" class="attachment-thumbnail size-thumbnail" alt="" loading="lazy" srcset="https://interreg-hr-ba-me.eu/2014/wp-content/uploads/Fotka-konferencija-3.jpg 150w, https://interreg-hr-ba-me.eu/2014/wp-content/uploads/Fotka-konferencija-3-66x66.jpg 66w" sizes="(max-width: 150px) 100vw, 150px" /></a>
			</div></figure><figure class='gallery-item'>
			<div class='gallery-icon landscape'>
				<a href='https://interreg-hr-ba-me.eu/2014/fotka-konferencija-2/'><img width="150" height="150" src="https://interreg-hr-ba-me.eu/2014/wp-content/uploads/Fotka-konferencija-2.jpg" class="attachment-thumbnail size-thumbnail" alt="" loading="lazy" srcset="https://interreg-hr-ba-me.eu/2014/wp-content/uploads/Fotka-konferencija-2.jpg 150w, https://interreg-hr-ba-me.eu/2014/wp-content/uploads/Fotka-konferencija-2-66x66.jpg 66w" sizes="(max-width: 150px) 100vw, 150px" /></a>
			</div></figure><figure class='gallery-item'>
			<div class='gallery-icon landscape'>
				<a href='https://interreg-hr-ba-me.eu/2014/fotka-konferencija-1/'><img width="150" height="150" src="https://interreg-hr-ba-me.eu/2014/wp-content/uploads/Fotka-konferencija-1.jpg" class="attachment-thumbnail size-thumbnail" alt="" loading="lazy" srcset="https://interreg-hr-ba-me.eu/2014/wp-content/uploads/Fotka-konferencija-1.jpg 150w, https://interreg-hr-ba-me.eu/2014/wp-content/uploads/Fotka-konferencija-1-66x66.jpg 66w" sizes="(max-width: 150px) 100vw, 150px" /></a>
			</div></figure>
		</div>
</p>
