{"id":1752,"date":"2017-10-11T11:18:23","date_gmt":"2017-10-11T11:18:23","guid":{"rendered":"https:\/\/interreg-hr-ba-me.eu\/2014\/"},"modified":"2019-05-13T15:01:39","modified_gmt":"2019-05-13T13:01:39","slug":"european-cooperation-day-connecting-partner-countries-in-croatia","status":"publish","type":"novost","link":"https:\/\/interreg-hr-ba-me.eu\/2014\/novost\/european-cooperation-day-connecting-partner-countries-in-croatia\/","title":{"rendered":"European Cooperation Day &#8211; Connecting Partner Countries in Croatia"},"content":{"rendered":"<p>On 7 October 2017, partners and guests of the two Interreg IPA Cross-border Cooperation Programmes 2014- 2020, Croatia \u2013 Bosnia and Herzegovina \u2013 Montenegro and Croatia \u2013 Serbia, celebrated the European Cooperation Day organised by the Agency for Regional Development and EU Funds of the Republic of Croatia (Managing Authority) in \u0160ibenik at the revitalized St Michael\u2019s Fortress, as a part of the agenda of the Days of Regional Development and EU Funds organised by the Ministry of Regional Development and EU Funds.<br \/>\nThe European Cooperation Day celebrates the achievements of territorial cooperation throughout Europe. European Territorial Cooperation, known as Interreg, is the EU policy encouraging the EU regions to cooperate and learn together. It is aimed at reducing disparities between regions, reinforcing cohesion and supporting optimal economic development. Interreg addresses issues of daily life, such as tourism, education, energy, healthcare and environmental protection.<br \/>\nWelcome words were held by Ms Gabrijela \u017dalac, Minister of Regional Development and EU funds, and Ms Stella Arneri, Acting Director of the Agency for Regional Development of the Republic of Croatia and Head of the Managing Authority, expressing their support to the implementation of the projects contracted within the 1st Call for Proposals.<br \/>\nThe Agency for Regional Development of the Republic of Croatia, as the Managing Authority, signed four Subsidy Contracts with the Lead Partners amounting to about EUR 4 million, for the following projects within the framework of the Interreg IPA Cross-border Cooperation Programme Croatia \u2013 Bosnia and Herzegovina &#8211; Montenegro 2014 \u2013 2020:<\/p>\n<ol>\n<li style=\"list-style-type: none;\">\n<ol>NeurNet facilitating the issues of patients with pharmacoresistant epilepsy and patients in advanced stage of Parkinson&#8217;s disease;<\/ol>\n<\/li>\n<\/ol>\n<p>&nbsp;<\/p>\n<ol>\n<li style=\"list-style-type: none;\">\n<ol>RMPPI mobilizing research and innovation capacity for solving key renewable energy issues;<\/ol>\n<\/li>\n<\/ol>\n<p>&nbsp;<\/p>\n<ol>\n<li style=\"list-style-type: none;\">\n<ol>COMPETE PLAMET enhancing institutional support and services offered by business support institutions and SMEs in metal and plastic sector; and<\/ol>\n<\/li>\n<\/ol>\n<p>&nbsp;<\/p>\n<ol>STRONGER providing education programmes with advisory services to business support institutions and SMEs joined into a cross-border cluster in herb growth, collecting and processing.<\/ol>\n<p>Mr Kristijan Futa\u010d, Head of the Joint Secretariat Croatia \u2013 Bosnia and Herzegovina &#8211; Montenegro, and Mr Davor Sko\u010dibu\u0161i\u0107, Head of the Joint Secretariat Croatia \u2013 Serbia, presented the results from the 1st Call for Proposals and announced the plans for the future. Within the framework of these two Programmes 47 projects were contracted with planned investments amounting to EUR 11 million. The total value of EUR 8.5 million will be purchased and about 200 trainings are planned to include more than 3 500 persons.<br \/>\nAs the last item on the agenda, the guests were given an opportunity to jointly learn about the traditional cuisine of the programme areas. They were provided with a chance to share, discuss and connect with their partners gathering around the table and rediscovering different cultures.<\/p>\n<div id='gallery-1' class='gallery galleryid-1752 gallery-columns-2 gallery-size-medium'><figure class='gallery-item'>\n\t\t\t<div class='gallery-icon landscape'>\n\t\t\t\t<a href='https:\/\/interreg-hr-ba-me.eu\/2014\/wp-content\/uploads\/2017-10-07-\u0160ibenik-Dan-ETS-a.jpg'><img width=\"300\" height=\"200\" src=\"https:\/\/interreg-hr-ba-me.eu\/2014\/wp-content\/uploads\/2017-10-07-\u0160ibenik-Dan-ETS-a-300x200.jpg\" class=\"attachment-medium size-medium\" alt=\"\" loading=\"lazy\" srcset=\"https:\/\/interreg-hr-ba-me.eu\/2014\/wp-content\/uploads\/2017-10-07-\u0160ibenik-Dan-ETS-a-300x200.jpg 300w, https:\/\/interreg-hr-ba-me.eu\/2014\/wp-content\/uploads\/2017-10-07-\u0160ibenik-Dan-ETS-a-1024x684.jpg 1024w, https:\/\/interreg-hr-ba-me.eu\/2014\/wp-content\/uploads\/2017-10-07-\u0160ibenik-Dan-ETS-a.jpg 1600w\" sizes=\"(max-width: 300px) 100vw, 300px\" \/><\/a>\n\t\t\t<\/div><\/figure><figure class='gallery-item'>\n\t\t\t<div class='gallery-icon landscape'>\n\t\t\t\t<a href='https:\/\/interreg-hr-ba-me.eu\/2014\/wp-content\/uploads\/2017-10-06-\u0160ibenik-JS.jpg'><img width=\"300\" height=\"200\" src=\"https:\/\/interreg-hr-ba-me.eu\/2014\/wp-content\/uploads\/2017-10-06-\u0160ibenik-JS-300x200.jpg\" class=\"attachment-medium size-medium\" alt=\"\" loading=\"lazy\" srcset=\"https:\/\/interreg-hr-ba-me.eu\/2014\/wp-content\/uploads\/2017-10-06-\u0160ibenik-JS-300x200.jpg 300w, https:\/\/interreg-hr-ba-me.eu\/2014\/wp-content\/uploads\/2017-10-06-\u0160ibenik-JS-1024x684.jpg 1024w, https:\/\/interreg-hr-ba-me.eu\/2014\/wp-content\/uploads\/2017-10-06-\u0160ibenik-JS.jpg 1600w\" sizes=\"(max-width: 300px) 100vw, 300px\" \/><\/a>\n\t\t\t<\/div><\/figure>\n\t\t<\/div>\n\n","protected":false},"featured_media":4313,"template":"","news-category":[26],"project-category":[],"_links":{"self":[{"href":"https:\/\/interreg-hr-ba-me.eu\/2014\/wp-json\/wp\/v2\/novost\/1752"}],"collection":[{"href":"https:\/\/interreg-hr-ba-me.eu\/2014\/wp-json\/wp\/v2\/novost"}],"about":[{"href":"https:\/\/interreg-hr-ba-me.eu\/2014\/wp-json\/wp\/v2\/types\/novost"}],"wp:featuredmedia":[{"embeddable":true,"href":"https:\/\/interreg-hr-ba-me.eu\/2014\/wp-json\/wp\/v2\/media\/4313"}],"wp:attachment":[{"href":"https:\/\/interreg-hr-ba-me.eu\/2014\/wp-json\/wp\/v2\/media?parent=1752"}],"wp:term":[{"taxonomy":"news-category","embeddable":true,"href":"https:\/\/interreg-hr-ba-me.eu\/2014\/wp-json\/wp\/v2\/news-category?post=1752"},{"taxonomy":"project-category","embeddable":true,"href":"https:\/\/interreg-hr-ba-me.eu\/2014\/wp-json\/wp\/v2\/project-category?post=1752"}],"curies":[{"name":"wp","href":"https:\/\/api.w.org\/{rel}","templated":true}]}}

<p>On 7 October 2017, partners and guests of the two Interreg IPA Cross-border Cooperation Programmes 2014- 2020, Croatia – Bosnia and Herzegovina – Montenegro and Croatia – Serbia, celebrated the European Cooperation Day organised by the Agency for Regional Development and EU Funds of the Republic of Croatia (Managing Authority) in Šibenik at the revitalized St Michael’s Fortress, as a part of the agenda of the Days of Regional Development and EU Funds organised by the Ministry of Regional Development and EU Funds.<br />
The European Cooperation Day celebrates the achievements of territorial cooperation throughout Europe. European Territorial Cooperation, known as Interreg, is the EU policy encouraging the EU regions to cooperate and learn together. It is aimed at reducing disparities between regions, reinforcing cohesion and supporting optimal economic development. Interreg addresses issues of daily life, such as tourism, education, energy, healthcare and environmental protection.<br />
Welcome words were held by Ms Gabrijela Žalac, Minister of Regional Development and EU funds, and Ms Stella Arneri, Acting Director of the Agency for Regional Development of the Republic of Croatia and Head of the Managing Authority, expressing their support to the implementation of the projects contracted within the 1st Call for Proposals.<br />
The Agency for Regional Development of the Republic of Croatia, as the Managing Authority, signed four Subsidy Contracts with the Lead Partners amounting to about EUR 4 million, for the following projects within the framework of the Interreg IPA Cross-border Cooperation Programme Croatia – Bosnia and Herzegovina &#8211; Montenegro 2014 – 2020:</p>
<ol>
<li style="list-style-type: none;">
<ol>NeurNet facilitating the issues of patients with pharmacoresistant epilepsy and patients in advanced stage of Parkinson&#8217;s disease;</ol>
</li>
</ol>
<p>&nbsp;</p>
<ol>
<li style="list-style-type: none;">
<ol>RMPPI mobilizing research and innovation capacity for solving key renewable energy issues;</ol>
</li>
</ol>
<p>&nbsp;</p>
<ol>
<li style="list-style-type: none;">
<ol>COMPETE PLAMET enhancing institutional support and services offered by business support institutions and SMEs in metal and plastic sector; and</ol>
</li>
</ol>
<p>&nbsp;</p>
<ol>STRONGER providing education programmes with advisory services to business support institutions and SMEs joined into a cross-border cluster in herb growth, collecting and processing.</ol>
<p>Mr Kristijan Futač, Head of the Joint Secretariat Croatia – Bosnia and Herzegovina &#8211; Montenegro, and Mr Davor Skočibušić, Head of the Joint Secretariat Croatia – Serbia, presented the results from the 1st Call for Proposals and announced the plans for the future. Within the framework of these two Programmes 47 projects were contracted with planned investments amounting to EUR 11 million. The total value of EUR 8.5 million will be purchased and about 200 trainings are planned to include more than 3 500 persons.<br />
As the last item on the agenda, the guests were given an opportunity to jointly learn about the traditional cuisine of the programme areas. They were provided with a chance to share, discuss and connect with their partners gathering around the table and rediscovering different cultures.</p>
<div id='gallery-1' class='gallery galleryid-1752 gallery-columns-2 gallery-size-medium'><figure class='gallery-item'>
			<div class='gallery-icon landscape'>
				<a href='https://interreg-hr-ba-me.eu/2014/wp-content/uploads/2017-10-07-Šibenik-Dan-ETS-a.jpg'><img width="300" height="200" src="https://interreg-hr-ba-me.eu/2014/wp-content/uploads/2017-10-07-Šibenik-Dan-ETS-a-300x200.jpg" class="attachment-medium size-medium" alt="" loading="lazy" srcset="https://interreg-hr-ba-me.eu/2014/wp-content/uploads/2017-10-07-Šibenik-Dan-ETS-a-300x200.jpg 300w, https://interreg-hr-ba-me.eu/2014/wp-content/uploads/2017-10-07-Šibenik-Dan-ETS-a-1024x684.jpg 1024w, https://interreg-hr-ba-me.eu/2014/wp-content/uploads/2017-10-07-Šibenik-Dan-ETS-a.jpg 1600w" sizes="(max-width: 300px) 100vw, 300px" /></a>
			</div></figure><figure class='gallery-item'>
			<div class='gallery-icon landscape'>
				<a href='https://interreg-hr-ba-me.eu/2014/wp-content/uploads/2017-10-06-Šibenik-JS.jpg'><img width="300" height="200" src="https://interreg-hr-ba-me.eu/2014/wp-content/uploads/2017-10-06-Šibenik-JS-300x200.jpg" class="attachment-medium size-medium" alt="" loading="lazy" srcset="https://interreg-hr-ba-me.eu/2014/wp-content/uploads/2017-10-06-Šibenik-JS-300x200.jpg 300w, https://interreg-hr-ba-me.eu/2014/wp-content/uploads/2017-10-06-Šibenik-JS-1024x684.jpg 1024w, https://interreg-hr-ba-me.eu/2014/wp-content/uploads/2017-10-06-Šibenik-JS.jpg 1600w" sizes="(max-width: 300px) 100vw, 300px" /></a>
			</div></figure>
		</div>
