{"id":2057,"date":"2018-05-10T09:28:46","date_gmt":"2018-05-10T07:28:46","guid":{"rendered":"https:\/\/interreg-hr-ba-me.eu\/2014\/"},"modified":"2019-07-28T15:34:47","modified_gmt":"2019-07-28T13:34:47","slug":"international-conference-within-interreg-ipa-cbc-project-neurnet","status":"publish","type":"novost","link":"https:\/\/interreg-hr-ba-me.eu\/2014\/novost\/international-conference-within-interreg-ipa-cbc-project-neurnet\/","title":{"rendered":"International conference within Interreg IPA CBC project NeurNet"},"content":{"rendered":"<p>International conference within Interreg IPA CBC Croatia \u2013 Bosnia and Herzegovina \u2013 Montenegro project \u201eCare management network for patients with pharmacoresistant epilepsy and patients with late stage Parkinson\u2019s disease\u201c was held in Zadar, on 26-27 April, 2018. The host of the Conference was Croatian Institute for Telemedicine.<\/p>\n<p>State Secretary of the Ministry of Health of the Republic of Croatia Tomislav Dulibi\u0107, welcomed the participants of the conference and emphasized that Ministry of Health has recognised the importance of telemedicine institutions in cross-border cooperation and pointed out the need for a stronger involvement of the community in addressing the problems of people with pharmacoresistant epilepsy and the late stage of Parkinson&#8217;s disease.<\/p>\n<p>D\u017eenita Huki\u0107, representative of the Federal Ministry of Health, lead partner of the project, pointed out that importance of the project for all three countries since it provides an opportunity to create and establish cross-border, innovative, effective and sustainable methodologies and practices of mobility as well as exchange of experience and knowledge between health professionals, establishing long-term partnerships with partner countries, which should contribute to improving quality of health services.<\/p>\n<p>Representative of Montenegro Ministry of Health, Milica \u0160kiljevi\u0107 stated that the goal of the project is to improve the quality and availability of healthcare services for patients with pharmacodynamic epilepsy and the advanced phase of Parkinson&#8217;s disease in all three countries involved in this project.<\/p>\n<p>After introductory speeches, in thematic part of the conference, several speakers took part:<\/p>\n<p>Nata\u0161a Pejanovi\u0107 \u0160krobi\u0107, MD, Clinical Hospital University of Mostar<br \/>\nAvdi\u0107 Leila, Iljazovi\u0107 Amra, MD, Clinical Centre University of Tuzla<br \/>\nHrvoje Ivekovi\u0107, PhD, MD, Clinical and Hospital Centre, Zagreb<br \/>\nMladen Debeljevi\u0107, MD, Clinic for neurology of Clinical Centre of<br \/>\nMontenegro;<br \/>\nNa\u0111an \u0160eri\u0107, MD, Department of Public Health of the Split Dalmatia County<\/p>\n<p>Distinguished neurology specialists have emphasized that the establishment of a video EEG telemetry system in Croatia, Bosnia and Herzegovina and Montenegro will provide conditions for development of modern diagnosis of patients with epilepsy, which will enable timely and adequate treatment.<\/p>\n<div id='gallery-1' class='gallery galleryid-2057 gallery-columns-3 gallery-size-thumbnail'><figure class='gallery-item'>\n\t\t\t<div class='gallery-icon landscape'>\n\t\t\t\t<a href='https:\/\/interreg-hr-ba-me.eu\/2014\/novost\/international-conference-within-interreg-ipa-cbc-project-neurnet\/neurnet-conference_3\/#main'><img width=\"150\" height=\"150\" src=\"https:\/\/interreg-hr-ba-me.eu\/2014\/wp-content\/uploads\/NeurNet-Conference_3-150x150.jpg\" class=\"attachment-thumbnail size-thumbnail\" alt=\"\" loading=\"lazy\" srcset=\"https:\/\/interreg-hr-ba-me.eu\/2014\/wp-content\/uploads\/NeurNet-Conference_3-150x150.jpg 150w, https:\/\/interreg-hr-ba-me.eu\/2014\/wp-content\/uploads\/NeurNet-Conference_3-66x66.jpg 66w\" sizes=\"(max-width: 150px) 100vw, 150px\" \/><\/a>\n\t\t\t<\/div><\/figure><figure class='gallery-item'>\n\t\t\t<div class='gallery-icon landscape'>\n\t\t\t\t<a href='https:\/\/interreg-hr-ba-me.eu\/2014\/novost\/international-conference-within-interreg-ipa-cbc-project-neurnet\/neurnet-conference_1\/#main'><img width=\"150\" height=\"150\" src=\"https:\/\/interreg-hr-ba-me.eu\/2014\/wp-content\/uploads\/NeurNet-Conference_1-150x150.jpg\" class=\"attachment-thumbnail size-thumbnail\" alt=\"\" loading=\"lazy\" srcset=\"https:\/\/interreg-hr-ba-me.eu\/2014\/wp-content\/uploads\/NeurNet-Conference_1-150x150.jpg 150w, https:\/\/interreg-hr-ba-me.eu\/2014\/wp-content\/uploads\/NeurNet-Conference_1-66x66.jpg 66w\" sizes=\"(max-width: 150px) 100vw, 150px\" \/><\/a>\n\t\t\t<\/div><\/figure><figure class='gallery-item'>\n\t\t\t<div class='gallery-icon landscape'>\n\t\t\t\t<a href='https:\/\/interreg-hr-ba-me.eu\/2014\/novost\/international-conference-within-interreg-ipa-cbc-project-neurnet\/neurnet-conference_2\/#main'><img width=\"150\" height=\"150\" src=\"https:\/\/interreg-hr-ba-me.eu\/2014\/wp-content\/uploads\/NeurNet-Conference_2-150x150.jpg\" class=\"attachment-thumbnail size-thumbnail\" alt=\"\" loading=\"lazy\" srcset=\"https:\/\/interreg-hr-ba-me.eu\/2014\/wp-content\/uploads\/NeurNet-Conference_2-150x150.jpg 150w, https:\/\/interreg-hr-ba-me.eu\/2014\/wp-content\/uploads\/NeurNet-Conference_2-66x66.jpg 66w\" sizes=\"(max-width: 150px) 100vw, 150px\" \/><\/a>\n\t\t\t<\/div><\/figure><figure class='gallery-item'>\n\t\t\t<div class='gallery-icon landscape'>\n\t\t\t\t<a href='https:\/\/interreg-hr-ba-me.eu\/2014\/novost\/international-conference-within-interreg-ipa-cbc-project-neurnet\/neurnet-conference_4\/#main'><img width=\"150\" height=\"150\" src=\"https:\/\/interreg-hr-ba-me.eu\/2014\/wp-content\/uploads\/NeurNet-Conference_4-150x150.jpg\" class=\"attachment-thumbnail size-thumbnail\" alt=\"\" loading=\"lazy\" srcset=\"https:\/\/interreg-hr-ba-me.eu\/2014\/wp-content\/uploads\/NeurNet-Conference_4-150x150.jpg 150w, https:\/\/interreg-hr-ba-me.eu\/2014\/wp-content\/uploads\/NeurNet-Conference_4-66x66.jpg 66w\" sizes=\"(max-width: 150px) 100vw, 150px\" \/><\/a>\n\t\t\t<\/div><\/figure><figure class='gallery-item'>\n\t\t\t<div class='gallery-icon landscape'>\n\t\t\t\t<a href='https:\/\/interreg-hr-ba-me.eu\/2014\/novost\/international-conference-within-interreg-ipa-cbc-project-neurnet\/neurnet-conference_5\/#main'><img width=\"150\" height=\"150\" src=\"https:\/\/interreg-hr-ba-me.eu\/2014\/wp-content\/uploads\/NeurNet-Conference_5-150x150.jpg\" class=\"attachment-thumbnail size-thumbnail\" alt=\"\" loading=\"lazy\" srcset=\"https:\/\/interreg-hr-ba-me.eu\/2014\/wp-content\/uploads\/NeurNet-Conference_5-150x150.jpg 150w, https:\/\/interreg-hr-ba-me.eu\/2014\/wp-content\/uploads\/NeurNet-Conference_5-66x66.jpg 66w\" sizes=\"(max-width: 150px) 100vw, 150px\" \/><\/a>\n\t\t\t<\/div><\/figure>\n\t\t<\/div>\n\n","protected":false},"featured_media":4313,"template":"","news-category":[27],"project-category":[47],"_links":{"self":[{"href":"https:\/\/interreg-hr-ba-me.eu\/2014\/wp-json\/wp\/v2\/novost\/2057"}],"collection":[{"href":"https:\/\/interreg-hr-ba-me.eu\/2014\/wp-json\/wp\/v2\/novost"}],"about":[{"href":"https:\/\/interreg-hr-ba-me.eu\/2014\/wp-json\/wp\/v2\/types\/novost"}],"wp:featuredmedia":[{"embeddable":true,"href":"https:\/\/interreg-hr-ba-me.eu\/2014\/wp-json\/wp\/v2\/media\/4313"}],"wp:attachment":[{"href":"https:\/\/interreg-hr-ba-me.eu\/2014\/wp-json\/wp\/v2\/media?parent=2057"}],"wp:term":[{"taxonomy":"news-category","embeddable":true,"href":"https:\/\/interreg-hr-ba-me.eu\/2014\/wp-json\/wp\/v2\/news-category?post=2057"},{"taxonomy":"project-category","embeddable":true,"href":"https:\/\/interreg-hr-ba-me.eu\/2014\/wp-json\/wp\/v2\/project-category?post=2057"}],"curies":[{"name":"wp","href":"https:\/\/api.w.org\/{rel}","templated":true}]}}

<p>International conference within Interreg IPA CBC Croatia – Bosnia and Herzegovina – Montenegro project „Care management network for patients with pharmacoresistant epilepsy and patients with late stage Parkinson’s disease“ was held in Zadar, on 26-27 April, 2018. The host of the Conference was Croatian Institute for Telemedicine.</p>
<p>State Secretary of the Ministry of Health of the Republic of Croatia Tomislav Dulibić, welcomed the participants of the conference and emphasized that Ministry of Health has recognised the importance of telemedicine institutions in cross-border cooperation and pointed out the need for a stronger involvement of the community in addressing the problems of people with pharmacoresistant epilepsy and the late stage of Parkinson&#8217;s disease.</p>
<p>Dženita Hukić, representative of the Federal Ministry of Health, lead partner of the project, pointed out that importance of the project for all three countries since it provides an opportunity to create and establish cross-border, innovative, effective and sustainable methodologies and practices of mobility as well as exchange of experience and knowledge between health professionals, establishing long-term partnerships with partner countries, which should contribute to improving quality of health services.</p>
<p>Representative of Montenegro Ministry of Health, Milica Škiljević stated that the goal of the project is to improve the quality and availability of healthcare services for patients with pharmacodynamic epilepsy and the advanced phase of Parkinson&#8217;s disease in all three countries involved in this project.</p>
<p>After introductory speeches, in thematic part of the conference, several speakers took part:</p>
<p>Nataša Pejanović Škrobić, MD, Clinical Hospital University of Mostar<br />
Avdić Leila, Iljazović Amra, MD, Clinical Centre University of Tuzla<br />
Hrvoje Iveković, PhD, MD, Clinical and Hospital Centre, Zagreb<br />
Mladen Debeljević, MD, Clinic for neurology of Clinical Centre of<br />
Montenegro;<br />
Nađan Šerić, MD, Department of Public Health of the Split Dalmatia County</p>
<p>Distinguished neurology specialists have emphasized that the establishment of a video EEG telemetry system in Croatia, Bosnia and Herzegovina and Montenegro will provide conditions for development of modern diagnosis of patients with epilepsy, which will enable timely and adequate treatment.</p>
<div id='gallery-1' class='gallery galleryid-2057 gallery-columns-3 gallery-size-thumbnail'><figure class='gallery-item'>
			<div class='gallery-icon landscape'>
				<a href='https://interreg-hr-ba-me.eu/2014/novost/international-conference-within-interreg-ipa-cbc-project-neurnet/neurnet-conference_3/#main'><img width="150" height="150" src="https://interreg-hr-ba-me.eu/2014/wp-content/uploads/NeurNet-Conference_3-150x150.jpg" class="attachment-thumbnail size-thumbnail" alt="" loading="lazy" srcset="https://interreg-hr-ba-me.eu/2014/wp-content/uploads/NeurNet-Conference_3-150x150.jpg 150w, https://interreg-hr-ba-me.eu/2014/wp-content/uploads/NeurNet-Conference_3-66x66.jpg 66w" sizes="(max-width: 150px) 100vw, 150px" /></a>
			</div></figure><figure class='gallery-item'>
			<div class='gallery-icon landscape'>
				<a href='https://interreg-hr-ba-me.eu/2014/novost/international-conference-within-interreg-ipa-cbc-project-neurnet/neurnet-conference_1/#main'><img width="150" height="150" src="https://interreg-hr-ba-me.eu/2014/wp-content/uploads/NeurNet-Conference_1-150x150.jpg" class="attachment-thumbnail size-thumbnail" alt="" loading="lazy" srcset="https://interreg-hr-ba-me.eu/2014/wp-content/uploads/NeurNet-Conference_1-150x150.jpg 150w, https://interreg-hr-ba-me.eu/2014/wp-content/uploads/NeurNet-Conference_1-66x66.jpg 66w" sizes="(max-width: 150px) 100vw, 150px" /></a>
			</div></figure><figure class='gallery-item'>
			<div class='gallery-icon landscape'>
				<a href='https://interreg-hr-ba-me.eu/2014/novost/international-conference-within-interreg-ipa-cbc-project-neurnet/neurnet-conference_2/#main'><img width="150" height="150" src="https://interreg-hr-ba-me.eu/2014/wp-content/uploads/NeurNet-Conference_2-150x150.jpg" class="attachment-thumbnail size-thumbnail" alt="" loading="lazy" srcset="https://interreg-hr-ba-me.eu/2014/wp-content/uploads/NeurNet-Conference_2-150x150.jpg 150w, https://interreg-hr-ba-me.eu/2014/wp-content/uploads/NeurNet-Conference_2-66x66.jpg 66w" sizes="(max-width: 150px) 100vw, 150px" /></a>
			</div></figure><figure class='gallery-item'>
			<div class='gallery-icon landscape'>
				<a href='https://interreg-hr-ba-me.eu/2014/novost/international-conference-within-interreg-ipa-cbc-project-neurnet/neurnet-conference_4/#main'><img width="150" height="150" src="https://interreg-hr-ba-me.eu/2014/wp-content/uploads/NeurNet-Conference_4-150x150.jpg" class="attachment-thumbnail size-thumbnail" alt="" loading="lazy" srcset="https://interreg-hr-ba-me.eu/2014/wp-content/uploads/NeurNet-Conference_4-150x150.jpg 150w, https://interreg-hr-ba-me.eu/2014/wp-content/uploads/NeurNet-Conference_4-66x66.jpg 66w" sizes="(max-width: 150px) 100vw, 150px" /></a>
			</div></figure><figure class='gallery-item'>
			<div class='gallery-icon landscape'>
				<a href='https://interreg-hr-ba-me.eu/2014/novost/international-conference-within-interreg-ipa-cbc-project-neurnet/neurnet-conference_5/#main'><img width="150" height="150" src="https://interreg-hr-ba-me.eu/2014/wp-content/uploads/NeurNet-Conference_5-150x150.jpg" class="attachment-thumbnail size-thumbnail" alt="" loading="lazy" srcset="https://interreg-hr-ba-me.eu/2014/wp-content/uploads/NeurNet-Conference_5-150x150.jpg 150w, https://interreg-hr-ba-me.eu/2014/wp-content/uploads/NeurNet-Conference_5-66x66.jpg 66w" sizes="(max-width: 150px) 100vw, 150px" /></a>
			</div></figure>
		</div>
