{"id":2083,"date":"2018-06-15T10:02:30","date_gmt":"2018-06-15T08:02:30","guid":{"rendered":"https:\/\/interreg-hr-ba-me.eu\/2014\/"},"modified":"2019-07-28T15:33:46","modified_gmt":"2019-07-28T13:33:46","slug":"the-event-days-of-chestnut-honey-held-in-vojnic-as-part-of-the-project-chestnut","status":"publish","type":"novost","link":"https:\/\/interreg-hr-ba-me.eu\/2014\/novost\/the-event-days-of-chestnut-honey-held-in-vojnic-as-part-of-the-project-chestnut\/","title":{"rendered":"The event &#8220;Days of chestnut honey&#8221; held in Vojnic as part of the project &#8220;Chestnut&#8221;"},"content":{"rendered":"<p>On May 5th, the event &#8220;Days of Chestnut Honey&#8221; was held in Vojni\u0107 at the municipal square. The event was attended by exhibitors from Vojni\u0107, Krnjak and Velika Gorica. 6 exhibitors were presented with their honey products, especially chestnut honey:<br \/>\n\u2022 I\u0160EK beekeeping, Velika Gorica<br \/>\n\u2022 Beekeeping Turkalj, Velika Gorica<br \/>\n\u2022 OPG Mihajlo Ziri\u0107, Krnjak<br \/>\n\u2022 OPG Anu\u0161i\u0107, Vojni\u0107<br \/>\n\u2022 Association of beekeepers &#8220;Kesten&#8221;, Vojni\u0107<br \/>\n\u2022 Creative Association &#8220;Ruke&#8221;, Vojni\u0107<\/p>\n<p>Professor Nikola Kezi\u0107 hold a lecture on the topic \u201cThe economic and environmental value of chestnut honey for the area Petrova gora\u201d.<\/p>\n<p>The event was magnified by the performances of the Folklore Societies Sveti Ante-Herceg-Bosna from Tu\u0161ilovi\u0107 and Sveta Ana-Vu\u010djak from Karlovac.<\/p>\n<p>Link: <a href=\"http:\/\/www.vojnic.hr\/sadrzaj.php?gs=44\">http:\/\/www.vojnic.hr\/sadrzaj.php?gs=44<\/a><\/p>\n<div id='gallery-1' class='gallery galleryid-2083 gallery-columns-3 gallery-size-thumbnail'><figure class='gallery-item'>\n\t\t\t<div class='gallery-icon portrait'>\n\t\t\t\t<a href='https:\/\/interreg-hr-ba-me.eu\/2014\/novost\/the-event-days-of-chestnut-honey-held-in-vojnic-as-part-of-the-project-chestnut\/exhibitors2\/#main'><img width=\"150\" height=\"150\" src=\"https:\/\/interreg-hr-ba-me.eu\/2014\/wp-content\/uploads\/Exhibitors2-150x150.jpg\" class=\"attachment-thumbnail size-thumbnail\" alt=\"\" loading=\"lazy\" srcset=\"https:\/\/interreg-hr-ba-me.eu\/2014\/wp-content\/uploads\/Exhibitors2-150x150.jpg 150w, https:\/\/interreg-hr-ba-me.eu\/2014\/wp-content\/uploads\/Exhibitors2-66x66.jpg 66w\" sizes=\"(max-width: 150px) 100vw, 150px\" \/><\/a>\n\t\t\t<\/div><\/figure><figure class='gallery-item'>\n\t\t\t<div class='gallery-icon landscape'>\n\t\t\t\t<a href='https:\/\/interreg-hr-ba-me.eu\/2014\/novost\/the-event-days-of-chestnut-honey-held-in-vojnic-as-part-of-the-project-chestnut\/exhibitors\/#main'><img width=\"150\" height=\"150\" src=\"https:\/\/interreg-hr-ba-me.eu\/2014\/wp-content\/uploads\/Exhibitors-150x150.jpg\" class=\"attachment-thumbnail size-thumbnail\" alt=\"\" loading=\"lazy\" srcset=\"https:\/\/interreg-hr-ba-me.eu\/2014\/wp-content\/uploads\/Exhibitors-150x150.jpg 150w, https:\/\/interreg-hr-ba-me.eu\/2014\/wp-content\/uploads\/Exhibitors-66x66.jpg 66w\" sizes=\"(max-width: 150px) 100vw, 150px\" \/><\/a>\n\t\t\t<\/div><\/figure><figure class='gallery-item'>\n\t\t\t<div class='gallery-icon landscape'>\n\t\t\t\t<a href='https:\/\/interreg-hr-ba-me.eu\/2014\/novost\/the-event-days-of-chestnut-honey-held-in-vojnic-as-part-of-the-project-chestnut\/introduction-speech-of-major\/#main'><img width=\"150\" height=\"150\" src=\"https:\/\/interreg-hr-ba-me.eu\/2014\/wp-content\/uploads\/Introduction-speech-of-major-150x150.jpg\" class=\"attachment-thumbnail size-thumbnail\" alt=\"\" loading=\"lazy\" srcset=\"https:\/\/interreg-hr-ba-me.eu\/2014\/wp-content\/uploads\/Introduction-speech-of-major-150x150.jpg 150w, https:\/\/interreg-hr-ba-me.eu\/2014\/wp-content\/uploads\/Introduction-speech-of-major-66x66.jpg 66w\" sizes=\"(max-width: 150px) 100vw, 150px\" \/><\/a>\n\t\t\t<\/div><\/figure><figure class='gallery-item'>\n\t\t\t<div class='gallery-icon landscape'>\n\t\t\t\t<a href='https:\/\/interreg-hr-ba-me.eu\/2014\/novost\/the-event-days-of-chestnut-honey-held-in-vojnic-as-part-of-the-project-chestnut\/participants\/#main'><img width=\"150\" height=\"150\" src=\"https:\/\/interreg-hr-ba-me.eu\/2014\/wp-content\/uploads\/Participants-150x150.jpg\" class=\"attachment-thumbnail size-thumbnail\" alt=\"\" loading=\"lazy\" srcset=\"https:\/\/interreg-hr-ba-me.eu\/2014\/wp-content\/uploads\/Participants-150x150.jpg 150w, https:\/\/interreg-hr-ba-me.eu\/2014\/wp-content\/uploads\/Participants-66x66.jpg 66w\" sizes=\"(max-width: 150px) 100vw, 150px\" \/><\/a>\n\t\t\t<\/div><\/figure>\n\t\t<\/div>\n\n","protected":false},"featured_media":4313,"template":"","news-category":[27],"project-category":[52],"_links":{"self":[{"href":"https:\/\/interreg-hr-ba-me.eu\/2014\/wp-json\/wp\/v2\/novost\/2083"}],"collection":[{"href":"https:\/\/interreg-hr-ba-me.eu\/2014\/wp-json\/wp\/v2\/novost"}],"about":[{"href":"https:\/\/interreg-hr-ba-me.eu\/2014\/wp-json\/wp\/v2\/types\/novost"}],"wp:featuredmedia":[{"embeddable":true,"href":"https:\/\/interreg-hr-ba-me.eu\/2014\/wp-json\/wp\/v2\/media\/4313"}],"wp:attachment":[{"href":"https:\/\/interreg-hr-ba-me.eu\/2014\/wp-json\/wp\/v2\/media?parent=2083"}],"wp:term":[{"taxonomy":"news-category","embeddable":true,"href":"https:\/\/interreg-hr-ba-me.eu\/2014\/wp-json\/wp\/v2\/news-category?post=2083"},{"taxonomy":"project-category","embeddable":true,"href":"https:\/\/interreg-hr-ba-me.eu\/2014\/wp-json\/wp\/v2\/project-category?post=2083"}],"curies":[{"name":"wp","href":"https:\/\/api.w.org\/{rel}","templated":true}]}}

<p>On May 5th, the event &#8220;Days of Chestnut Honey&#8221; was held in Vojnić at the municipal square. The event was attended by exhibitors from Vojnić, Krnjak and Velika Gorica. 6 exhibitors were presented with their honey products, especially chestnut honey:<br />
• IŠEK beekeeping, Velika Gorica<br />
• Beekeeping Turkalj, Velika Gorica<br />
• OPG Mihajlo Zirić, Krnjak<br />
• OPG Anušić, Vojnić<br />
• Association of beekeepers &#8220;Kesten&#8221;, Vojnić<br />
• Creative Association &#8220;Ruke&#8221;, Vojnić</p>
<p>Professor Nikola Kezić hold a lecture on the topic “The economic and environmental value of chestnut honey for the area Petrova gora”.</p>
<p>The event was magnified by the performances of the Folklore Societies Sveti Ante-Herceg-Bosna from Tušilović and Sveta Ana-Vučjak from Karlovac.</p>
<p>Link: <a href="http://www.vojnic.hr/sadrzaj.php?gs=44">http://www.vojnic.hr/sadrzaj.php?gs=44</a></p>
<div id='gallery-1' class='gallery galleryid-2083 gallery-columns-3 gallery-size-thumbnail'><figure class='gallery-item'>
			<div class='gallery-icon portrait'>
				<a href='https://interreg-hr-ba-me.eu/2014/novost/the-event-days-of-chestnut-honey-held-in-vojnic-as-part-of-the-project-chestnut/exhibitors2/#main'><img width="150" height="150" src="https://interreg-hr-ba-me.eu/2014/wp-content/uploads/Exhibitors2-150x150.jpg" class="attachment-thumbnail size-thumbnail" alt="" loading="lazy" srcset="https://interreg-hr-ba-me.eu/2014/wp-content/uploads/Exhibitors2-150x150.jpg 150w, https://interreg-hr-ba-me.eu/2014/wp-content/uploads/Exhibitors2-66x66.jpg 66w" sizes="(max-width: 150px) 100vw, 150px" /></a>
			</div></figure><figure class='gallery-item'>
			<div class='gallery-icon landscape'>
				<a href='https://interreg-hr-ba-me.eu/2014/novost/the-event-days-of-chestnut-honey-held-in-vojnic-as-part-of-the-project-chestnut/exhibitors/#main'><img width="150" height="150" src="https://interreg-hr-ba-me.eu/2014/wp-content/uploads/Exhibitors-150x150.jpg" class="attachment-thumbnail size-thumbnail" alt="" loading="lazy" srcset="https://interreg-hr-ba-me.eu/2014/wp-content/uploads/Exhibitors-150x150.jpg 150w, https://interreg-hr-ba-me.eu/2014/wp-content/uploads/Exhibitors-66x66.jpg 66w" sizes="(max-width: 150px) 100vw, 150px" /></a>
			</div></figure><figure class='gallery-item'>
			<div class='gallery-icon landscape'>
				<a href='https://interreg-hr-ba-me.eu/2014/novost/the-event-days-of-chestnut-honey-held-in-vojnic-as-part-of-the-project-chestnut/introduction-speech-of-major/#main'><img width="150" height="150" src="https://interreg-hr-ba-me.eu/2014/wp-content/uploads/Introduction-speech-of-major-150x150.jpg" class="attachment-thumbnail size-thumbnail" alt="" loading="lazy" srcset="https://interreg-hr-ba-me.eu/2014/wp-content/uploads/Introduction-speech-of-major-150x150.jpg 150w, https://interreg-hr-ba-me.eu/2014/wp-content/uploads/Introduction-speech-of-major-66x66.jpg 66w" sizes="(max-width: 150px) 100vw, 150px" /></a>
			</div></figure><figure class='gallery-item'>
			<div class='gallery-icon landscape'>
				<a href='https://interreg-hr-ba-me.eu/2014/novost/the-event-days-of-chestnut-honey-held-in-vojnic-as-part-of-the-project-chestnut/participants/#main'><img width="150" height="150" src="https://interreg-hr-ba-me.eu/2014/wp-content/uploads/Participants-150x150.jpg" class="attachment-thumbnail size-thumbnail" alt="" loading="lazy" srcset="https://interreg-hr-ba-me.eu/2014/wp-content/uploads/Participants-150x150.jpg 150w, https://interreg-hr-ba-me.eu/2014/wp-content/uploads/Participants-66x66.jpg 66w" sizes="(max-width: 150px) 100vw, 150px" /></a>
			</div></figure>
		</div>
