{"id":2358,"date":"2018-10-17T11:52:56","date_gmt":"2018-10-17T11:52:56","guid":{"rendered":"https:\/\/interreg-hr-ba-me.eu\/2014\/"},"modified":"2019-05-13T14:43:00","modified_gmt":"2019-05-13T12:43:00","slug":"2nd-call-for-proposals-information-sessions-and-presentations","status":"publish","type":"novost","link":"https:\/\/interreg-hr-ba-me.eu\/2014\/novost\/2nd-call-for-proposals-information-sessions-and-presentations\/","title":{"rendered":"2nd Call for proposals \u2013 information sessions and presentations"},"content":{"rendered":"<p>The Managing Authority and Joint Secretariat together with National Authorities from all three countries &#8211; Ministry of Regional Development and EU Funds in Croatia, Directorate for European Integration of the Council of Ministers of Bosnia and Herzegovina and Prime Minister\u2019s Office \u2013 European Integration Office of Montenegro, have organized a series of educational events for applicants interested in funding their project ideas in the Interreg IPA CBC Programme Croatia-Bosnia and Herzegovina-Montenegro 2014-2020. Besides presenting the 2nd Call for Proposals, seven information sessions held in Croatia, Bosnia and Herzegovina and Montenegro provided a great networking opportunity for potential applicants.<br \/>\nDuring September and October, information sessions were organized in Bosnia and Herzegovina &#8211; Bijeljina, Livno and Biha\u0107. Two information sessions in Croatia were organized in Pleternica and Solin and two more sessions in Nik\u0161i\u0107 and Tivat, Montenegro.<br \/>\nAt each information session MA and JS representatives provided a general overview of the Cooperation Programme and insight tips &#038; tricks were shared on how to prepare project proposals, how to use the eMS and how to plan a project budget.<br \/>\nMore than 550 potential applicants participated our info days and we hope they received all information needed for their applications to be successful. The info days and questions from the participants showed that there is a great interest for cross-border projects and we hope to receive a lot of interesting and high quality project proposals!<br \/>\nPresentations from the info days can be downloaded <a href=\"https:\/\/interreg-hr-ba-me.eu\/2014\/wp-content\/uploads\/PREZENTACIJE_INFO.DANI_ZA.OBJAVU.zip\">here:<\/a><\/p>\n<p><a href=\"https:\/\/interreg-hr-ba-me.eu\/2014\/wp-content\/uploads\/1_Interreg-IPA-Program-prekograni\u010dne-suradnje-Hrvatska-Bosna-i-Hercegovina-Crna-Gora-2014-2020.pdf\">Interreg IPA Program prekograni\u010dne suradnje Hrvatska \u2013 Bosna i Hercegovina \u2013 Crna gora 2014. \u2013 2020.<\/a><br \/>\n<a href=\"https:\/\/interreg-hr-ba-me.eu\/2014\/wp-content\/uploads\/2_Programski-pokazatelji-ostvarenja.pdf\">Programski pokazatelji ostvarenja<\/a><br \/>\n<a href=\"https:\/\/interreg-hr-ba-me.eu\/2014\/wp-content\/uploads\/3_Upute-za-prijavitelje-i-ocjena-i-odabir-projektnih-prijedloga.pdf\">Upute za prijavitelje + Ocjena i odabir projektnih prijedloga<\/a><br \/>\n<a href=\"https:\/\/interreg-hr-ba-me.eu\/2014\/wp-content\/uploads\/4_Projektni-prora\u010dun.pdf\">Projektni prora\u010dun<\/a><br \/>\n<a href=\"https:\/\/interreg-hr-ba-me.eu\/2014\/wp-content\/uploads\/5_Prijava-projektnih-prijedloga-putem-eMS-a.pdf\">Prijava projektnih prijedloga putem eMS-a<\/a><\/p>\n\n","protected":false},"featured_media":4313,"template":"","news-category":[26],"project-category":[],"_links":{"self":[{"href":"https:\/\/interreg-hr-ba-me.eu\/2014\/wp-json\/wp\/v2\/novost\/2358"}],"collection":[{"href":"https:\/\/interreg-hr-ba-me.eu\/2014\/wp-json\/wp\/v2\/novost"}],"about":[{"href":"https:\/\/interreg-hr-ba-me.eu\/2014\/wp-json\/wp\/v2\/types\/novost"}],"wp:featuredmedia":[{"embeddable":true,"href":"https:\/\/interreg-hr-ba-me.eu\/2014\/wp-json\/wp\/v2\/media\/4313"}],"wp:attachment":[{"href":"https:\/\/interreg-hr-ba-me.eu\/2014\/wp-json\/wp\/v2\/media?parent=2358"}],"wp:term":[{"taxonomy":"news-category","embeddable":true,"href":"https:\/\/interreg-hr-ba-me.eu\/2014\/wp-json\/wp\/v2\/news-category?post=2358"},{"taxonomy":"project-category","embeddable":true,"href":"https:\/\/interreg-hr-ba-me.eu\/2014\/wp-json\/wp\/v2\/project-category?post=2358"}],"curies":[{"name":"wp","href":"https:\/\/api.w.org\/{rel}","templated":true}]}}

<p>The Managing Authority and Joint Secretariat together with National Authorities from all three countries &#8211; Ministry of Regional Development and EU Funds in Croatia, Directorate for European Integration of the Council of Ministers of Bosnia and Herzegovina and Prime Minister’s Office – European Integration Office of Montenegro, have organized a series of educational events for applicants interested in funding their project ideas in the Interreg IPA CBC Programme Croatia-Bosnia and Herzegovina-Montenegro 2014-2020. Besides presenting the 2nd Call for Proposals, seven information sessions held in Croatia, Bosnia and Herzegovina and Montenegro provided a great networking opportunity for potential applicants.<br />
During September and October, information sessions were organized in Bosnia and Herzegovina &#8211; Bijeljina, Livno and Bihać. Two information sessions in Croatia were organized in Pleternica and Solin and two more sessions in Nikšić and Tivat, Montenegro.<br />
At each information session MA and JS representatives provided a general overview of the Cooperation Programme and insight tips &#038; tricks were shared on how to prepare project proposals, how to use the eMS and how to plan a project budget.<br />
More than 550 potential applicants participated our info days and we hope they received all information needed for their applications to be successful. The info days and questions from the participants showed that there is a great interest for cross-border projects and we hope to receive a lot of interesting and high quality project proposals!<br />
Presentations from the info days can be downloaded <a href="https://interreg-hr-ba-me.eu/2014/wp-content/uploads/PREZENTACIJE_INFO.DANI_ZA.OBJAVU.zip">here:</a></p>
<p><a href="https://interreg-hr-ba-me.eu/2014/wp-content/uploads/1_Interreg-IPA-Program-prekogranične-suradnje-Hrvatska-Bosna-i-Hercegovina-Crna-Gora-2014-2020.pdf">Interreg IPA Program prekogranične suradnje Hrvatska – Bosna i Hercegovina – Crna gora 2014. – 2020.</a><br />
<a href="https://interreg-hr-ba-me.eu/2014/wp-content/uploads/2_Programski-pokazatelji-ostvarenja.pdf">Programski pokazatelji ostvarenja</a><br />
<a href="https://interreg-hr-ba-me.eu/2014/wp-content/uploads/3_Upute-za-prijavitelje-i-ocjena-i-odabir-projektnih-prijedloga.pdf">Upute za prijavitelje + Ocjena i odabir projektnih prijedloga</a><br />
<a href="https://interreg-hr-ba-me.eu/2014/wp-content/uploads/4_Projektni-proračun.pdf">Projektni proračun</a><br />
<a href="https://interreg-hr-ba-me.eu/2014/wp-content/uploads/5_Prijava-projektnih-prijedloga-putem-eMS-a.pdf">Prijava projektnih prijedloga putem eMS-a</a></p>
