{"id":5219,"date":"2019-12-09T11:18:27","date_gmt":"2019-12-09T10:18:27","guid":{"rendered":"https:\/\/interreg-hr-ba-me.eu\/2014\/?post_type=novost&#038;p=5219"},"modified":"2019-12-09T11:18:28","modified_gmt":"2019-12-09T10:18:28","slug":"opening-of-3rd-cluster-support-center-marks-end-of-bacar-project","status":"publish","type":"novost","link":"https:\/\/interreg-hr-ba-me.eu\/2014\/novost\/opening-of-3rd-cluster-support-center-marks-end-of-bacar-project\/","title":{"rendered":"Opening of 3rd Cluster Support Center marks end of BACAR project"},"content":{"rendered":"\n<p><strong>After two\ncenters were opened in Kotor and Buna near Mostar, the third and final Cluster\nSupport Center was opened in Ka\u0161tel Su\u0107urac near Split on 29 November 2019. <\/strong><\/p>\n\n\n\n<p>The BACAR project aims to strengthen the\ncompetencies of entrepreneurs by establishing three cross-border clusters. These\nclusters are providing expertise in the field of creative industry, tourism and\nlocal food, in order to foster innovations and transfer new technologies. Because\nof BACAR, entrepreneurs and their cross-border network will become active\nmembers of the European Network of Entrepreneurs. <\/p>\n\n\n\n<p>More than 50 entrepreneurs attended the\nopening of the Ka\u0161tel Su\u0107urac center, and it was a great opportunity to showcase\nachievements of the project to representatives of tourism, local food and\ncreative industries.<\/p>\n\n\n\n<p><em>\u201cThe BACAR project is an outstanding example of strengthening cross-border cooperation, good neighborly relations and pooling of knowledge and experience in all three countries. We are grateful to all national and cross-border partners, businesspersons and other participants in the project for their exceptional cooperation during 30 months of implementation. Trainings, advisory services, targeted events, trade show presentations and study visits aimed to raise awareness and benefits of SMEs clustering. This facilitated the path to the creation of three clusters and their cross-border networks as carriers of innovative activities in the region.\u201d<\/em> said Jelena Stjep\u010devi\u0107, project manager of BACAR.<\/p>\n\n\n\n<figure class=\"wp-block-gallery columns-3 is-cropped\"><ul class=\"blocks-gallery-grid\"><li class=\"blocks-gallery-item\"><figure><a href=\"https:\/\/interreg-hr-ba-me.eu\/2014\/wp-content\/uploads\/2019\/12\/Opening-of-3rd-Cluster-Support-Center-marks-end-of-BACAR-project-1.jpg\"><img loading=\"lazy\" width=\"1024\" height=\"683\" src=\"https:\/\/interreg-hr-ba-me.eu\/2014\/wp-content\/uploads\/2019\/12\/Opening-of-3rd-Cluster-Support-Center-marks-end-of-BACAR-project-1-1024x683.jpg\" alt=\"\" data-id=\"5220\" data-full-url=\"https:\/\/interreg-hr-ba-me.eu\/2014\/wp-content\/uploads\/2019\/12\/Opening-of-3rd-Cluster-Support-Center-marks-end-of-BACAR-project-1.jpg\" data-link=\"https:\/\/interreg-hr-ba-me.eu\/2014\/?attachment_id=5220#main\" class=\"wp-image-5220\" srcset=\"https:\/\/interreg-hr-ba-me.eu\/2014\/wp-content\/uploads\/2019\/12\/Opening-of-3rd-Cluster-Support-Center-marks-end-of-BACAR-project-1-1024x683.jpg 1024w, https:\/\/interreg-hr-ba-me.eu\/2014\/wp-content\/uploads\/2019\/12\/Opening-of-3rd-Cluster-Support-Center-marks-end-of-BACAR-project-1-300x200.jpg 300w, https:\/\/interreg-hr-ba-me.eu\/2014\/wp-content\/uploads\/2019\/12\/Opening-of-3rd-Cluster-Support-Center-marks-end-of-BACAR-project-1-768x512.jpg 768w, https:\/\/interreg-hr-ba-me.eu\/2014\/wp-content\/uploads\/2019\/12\/Opening-of-3rd-Cluster-Support-Center-marks-end-of-BACAR-project-1.jpg 1200w\" sizes=\"(max-width: 1024px) 100vw, 1024px\" \/><\/a><\/figure><\/li><li class=\"blocks-gallery-item\"><figure><a href=\"https:\/\/interreg-hr-ba-me.eu\/2014\/wp-content\/uploads\/2019\/12\/Opening-of-3rd-Cluster-Support-Center-marks-end-of-BACAR-project-2.jpg\"><img loading=\"lazy\" width=\"1024\" height=\"683\" src=\"https:\/\/interreg-hr-ba-me.eu\/2014\/wp-content\/uploads\/2019\/12\/Opening-of-3rd-Cluster-Support-Center-marks-end-of-BACAR-project-2-1024x683.jpg\" alt=\"\" data-id=\"5225\" data-full-url=\"https:\/\/interreg-hr-ba-me.eu\/2014\/wp-content\/uploads\/2019\/12\/Opening-of-3rd-Cluster-Support-Center-marks-end-of-BACAR-project-2.jpg\" data-link=\"https:\/\/interreg-hr-ba-me.eu\/2014\/?attachment_id=5225#main\" class=\"wp-image-5225\" srcset=\"https:\/\/interreg-hr-ba-me.eu\/2014\/wp-content\/uploads\/2019\/12\/Opening-of-3rd-Cluster-Support-Center-marks-end-of-BACAR-project-2-1024x683.jpg 1024w, https:\/\/interreg-hr-ba-me.eu\/2014\/wp-content\/uploads\/2019\/12\/Opening-of-3rd-Cluster-Support-Center-marks-end-of-BACAR-project-2-300x200.jpg 300w, https:\/\/interreg-hr-ba-me.eu\/2014\/wp-content\/uploads\/2019\/12\/Opening-of-3rd-Cluster-Support-Center-marks-end-of-BACAR-project-2-768x512.jpg 768w, https:\/\/interreg-hr-ba-me.eu\/2014\/wp-content\/uploads\/2019\/12\/Opening-of-3rd-Cluster-Support-Center-marks-end-of-BACAR-project-2-1536x1024.jpg 1536w, https:\/\/interreg-hr-ba-me.eu\/2014\/wp-content\/uploads\/2019\/12\/Opening-of-3rd-Cluster-Support-Center-marks-end-of-BACAR-project-2.jpg 1920w\" sizes=\"(max-width: 1024px) 100vw, 1024px\" \/><\/a><\/figure><\/li><li class=\"blocks-gallery-item\"><figure><a href=\"https:\/\/interreg-hr-ba-me.eu\/2014\/wp-content\/uploads\/2019\/12\/Opening-of-3rd-Cluster-Support-Center-marks-end-of-BACAR-project-3.jpg\"><img loading=\"lazy\" width=\"1024\" height=\"768\" src=\"https:\/\/interreg-hr-ba-me.eu\/2014\/wp-content\/uploads\/2019\/12\/Opening-of-3rd-Cluster-Support-Center-marks-end-of-BACAR-project-3-1024x768.jpg\" alt=\"\" data-id=\"5221\" data-full-url=\"https:\/\/interreg-hr-ba-me.eu\/2014\/wp-content\/uploads\/2019\/12\/Opening-of-3rd-Cluster-Support-Center-marks-end-of-BACAR-project-3.jpg\" data-link=\"https:\/\/interreg-hr-ba-me.eu\/2014\/?attachment_id=5221#main\" class=\"wp-image-5221\" srcset=\"https:\/\/interreg-hr-ba-me.eu\/2014\/wp-content\/uploads\/2019\/12\/Opening-of-3rd-Cluster-Support-Center-marks-end-of-BACAR-project-3-1024x768.jpg 1024w, https:\/\/interreg-hr-ba-me.eu\/2014\/wp-content\/uploads\/2019\/12\/Opening-of-3rd-Cluster-Support-Center-marks-end-of-BACAR-project-3-300x225.jpg 300w, https:\/\/interreg-hr-ba-me.eu\/2014\/wp-content\/uploads\/2019\/12\/Opening-of-3rd-Cluster-Support-Center-marks-end-of-BACAR-project-3-768x576.jpg 768w, https:\/\/interreg-hr-ba-me.eu\/2014\/wp-content\/uploads\/2019\/12\/Opening-of-3rd-Cluster-Support-Center-marks-end-of-BACAR-project-3-1536x1152.jpg 1536w, https:\/\/interreg-hr-ba-me.eu\/2014\/wp-content\/uploads\/2019\/12\/Opening-of-3rd-Cluster-Support-Center-marks-end-of-BACAR-project-3.jpg 1600w\" sizes=\"(max-width: 1024px) 100vw, 1024px\" \/><\/a><\/figure><\/li><li class=\"blocks-gallery-item\"><figure><a href=\"https:\/\/interreg-hr-ba-me.eu\/2014\/wp-content\/uploads\/2019\/12\/Opening-of-3rd-Cluster-Support-Center-marks-end-of-BACAR-project-4.jpg\"><img loading=\"lazy\" width=\"768\" height=\"1024\" src=\"https:\/\/interreg-hr-ba-me.eu\/2014\/wp-content\/uploads\/2019\/12\/Opening-of-3rd-Cluster-Support-Center-marks-end-of-BACAR-project-4-768x1024.jpg\" alt=\"\" data-id=\"5222\" data-full-url=\"https:\/\/interreg-hr-ba-me.eu\/2014\/wp-content\/uploads\/2019\/12\/Opening-of-3rd-Cluster-Support-Center-marks-end-of-BACAR-project-4.jpg\" data-link=\"https:\/\/interreg-hr-ba-me.eu\/2014\/?attachment_id=5222#main\" class=\"wp-image-5222\" srcset=\"https:\/\/interreg-hr-ba-me.eu\/2014\/wp-content\/uploads\/2019\/12\/Opening-of-3rd-Cluster-Support-Center-marks-end-of-BACAR-project-4-768x1024.jpg 768w, https:\/\/interreg-hr-ba-me.eu\/2014\/wp-content\/uploads\/2019\/12\/Opening-of-3rd-Cluster-Support-Center-marks-end-of-BACAR-project-4-225x300.jpg 225w, https:\/\/interreg-hr-ba-me.eu\/2014\/wp-content\/uploads\/2019\/12\/Opening-of-3rd-Cluster-Support-Center-marks-end-of-BACAR-project-4-1152x1536.jpg 1152w, https:\/\/interreg-hr-ba-me.eu\/2014\/wp-content\/uploads\/2019\/12\/Opening-of-3rd-Cluster-Support-Center-marks-end-of-BACAR-project-4.jpg 1200w\" sizes=\"(max-width: 768px) 100vw, 768px\" \/><\/a><\/figure><\/li><li class=\"blocks-gallery-item\"><figure><a href=\"https:\/\/interreg-hr-ba-me.eu\/2014\/wp-content\/uploads\/2019\/12\/Opening-of-3rd-Cluster-Support-Center-marks-end-of-BACAR-project-5.jpg\"><img loading=\"lazy\" width=\"1024\" height=\"768\" src=\"https:\/\/interreg-hr-ba-me.eu\/2014\/wp-content\/uploads\/2019\/12\/Opening-of-3rd-Cluster-Support-Center-marks-end-of-BACAR-project-5-1024x768.jpg\" alt=\"\" data-id=\"5223\" data-full-url=\"https:\/\/interreg-hr-ba-me.eu\/2014\/wp-content\/uploads\/2019\/12\/Opening-of-3rd-Cluster-Support-Center-marks-end-of-BACAR-project-5.jpg\" data-link=\"https:\/\/interreg-hr-ba-me.eu\/2014\/?attachment_id=5223#main\" class=\"wp-image-5223\" srcset=\"https:\/\/interreg-hr-ba-me.eu\/2014\/wp-content\/uploads\/2019\/12\/Opening-of-3rd-Cluster-Support-Center-marks-end-of-BACAR-project-5-1024x768.jpg 1024w, https:\/\/interreg-hr-ba-me.eu\/2014\/wp-content\/uploads\/2019\/12\/Opening-of-3rd-Cluster-Support-Center-marks-end-of-BACAR-project-5-300x225.jpg 300w, https:\/\/interreg-hr-ba-me.eu\/2014\/wp-content\/uploads\/2019\/12\/Opening-of-3rd-Cluster-Support-Center-marks-end-of-BACAR-project-5-768x576.jpg 768w, https:\/\/interreg-hr-ba-me.eu\/2014\/wp-content\/uploads\/2019\/12\/Opening-of-3rd-Cluster-Support-Center-marks-end-of-BACAR-project-5-1536x1152.jpg 1536w, https:\/\/interreg-hr-ba-me.eu\/2014\/wp-content\/uploads\/2019\/12\/Opening-of-3rd-Cluster-Support-Center-marks-end-of-BACAR-project-5.jpg 1600w\" sizes=\"(max-width: 1024px) 100vw, 1024px\" \/><\/a><\/figure><\/li><li class=\"blocks-gallery-item\"><figure><a href=\"https:\/\/interreg-hr-ba-me.eu\/2014\/wp-content\/uploads\/2019\/12\/Opening-of-3rd-Cluster-Support-Center-marks-end-of-BACAR-project-6.jpg\"><img loading=\"lazy\" width=\"1024\" height=\"768\" src=\"https:\/\/interreg-hr-ba-me.eu\/2014\/wp-content\/uploads\/2019\/12\/Opening-of-3rd-Cluster-Support-Center-marks-end-of-BACAR-project-6-1024x768.jpg\" alt=\"\" data-id=\"5224\" data-full-url=\"https:\/\/interreg-hr-ba-me.eu\/2014\/wp-content\/uploads\/2019\/12\/Opening-of-3rd-Cluster-Support-Center-marks-end-of-BACAR-project-6.jpg\" data-link=\"https:\/\/interreg-hr-ba-me.eu\/2014\/?attachment_id=5224#main\" class=\"wp-image-5224\" srcset=\"https:\/\/interreg-hr-ba-me.eu\/2014\/wp-content\/uploads\/2019\/12\/Opening-of-3rd-Cluster-Support-Center-marks-end-of-BACAR-project-6-1024x768.jpg 1024w, https:\/\/interreg-hr-ba-me.eu\/2014\/wp-content\/uploads\/2019\/12\/Opening-of-3rd-Cluster-Support-Center-marks-end-of-BACAR-project-6-300x225.jpg 300w, https:\/\/interreg-hr-ba-me.eu\/2014\/wp-content\/uploads\/2019\/12\/Opening-of-3rd-Cluster-Support-Center-marks-end-of-BACAR-project-6-768x576.jpg 768w, https:\/\/interreg-hr-ba-me.eu\/2014\/wp-content\/uploads\/2019\/12\/Opening-of-3rd-Cluster-Support-Center-marks-end-of-BACAR-project-6-1536x1152.jpg 1536w, https:\/\/interreg-hr-ba-me.eu\/2014\/wp-content\/uploads\/2019\/12\/Opening-of-3rd-Cluster-Support-Center-marks-end-of-BACAR-project-6.jpg 1600w\" sizes=\"(max-width: 1024px) 100vw, 1024px\" \/><\/a><\/figure><\/li><\/ul><\/figure>\n\n\n\n<p>The newly opened Cluster Support Center in Ka\u0161tel Su\u0107urac and cluster forum<\/p>\n\n\n\n<p>Attendees of the event were also addressed\nby the mayor of Ka\u0161tel Su\u0107urac&nbsp; Mr Denis\nIvanovi\u0107 , the deputy mayor Ms Jadranka Matok Bosan\u010di\u0107 on behalf of the Lead\nPartner &#8211; Municipality of Kotor, as well as representatives of project\npartners: Public Institution RERA SD for Coordination and Development of Split\nDalmatia County, Mr Sre\u0107ko Radni\u0107, representative of the Ministry of Economy\nHerzegovina-Neretva Canton, Ms Simi\u0107 Skutor and Chamber of Commerce and\nIndustry of Trebinje Region, Mr Veselin Savi\u0107. The event was also attended by\nrepresentatives of the Joint Secretariat and National Authority of Montenegro. <\/p>\n\n\n\n<p>Day before the opening a cluster forum was\norganized in Ka\u0161tel Su\u0107urac to present three clusters to the local community\nand stakeholders. On this occasion, two memorandums on cross-border networking\nand cooperation were signed between representatives of the creative industry\nand local food clusters, while the memorandum on tourism cluster was signed at\nthe Mostar Fair in April 2019. <\/p>\n\n\n\n<p><em>The BACAR\nproject is implemented by five partners from Croatia, Bosnia and Herzegovina\nand Montenegro within the Programme Priority Axis 4: <strong>Enhancing competitiveness and developing business environment in the\nprogramme area<\/strong>. The total budget of the project is 1.019.843,87 EUR and the\ntotal EU co-financing is 866.867,28 EUR of <strong>ERDF\nand IPA II funds<\/strong>. The project started on 1 June 2017 and finished on 30\nNovember 2019.<\/em><\/p>\n","protected":false},"featured_media":5226,"template":"","news-category":[27],"project-category":[68],"_links":{"self":[{"href":"https:\/\/interreg-hr-ba-me.eu\/2014\/wp-json\/wp\/v2\/novost\/5219"}],"collection":[{"href":"https:\/\/interreg-hr-ba-me.eu\/2014\/wp-json\/wp\/v2\/novost"}],"about":[{"href":"https:\/\/interreg-hr-ba-me.eu\/2014\/wp-json\/wp\/v2\/types\/novost"}],"wp:featuredmedia":[{"embeddable":true,"href":"https:\/\/interreg-hr-ba-me.eu\/2014\/wp-json\/wp\/v2\/media\/5226"}],"wp:attachment":[{"href":"https:\/\/interreg-hr-ba-me.eu\/2014\/wp-json\/wp\/v2\/media?parent=5219"}],"wp:term":[{"taxonomy":"news-category","embeddable":true,"href":"https:\/\/interreg-hr-ba-me.eu\/2014\/wp-json\/wp\/v2\/news-category?post=5219"},{"taxonomy":"project-category","embeddable":true,"href":"https:\/\/interreg-hr-ba-me.eu\/2014\/wp-json\/wp\/v2\/project-category?post=5219"}],"curies":[{"name":"wp","href":"https:\/\/api.w.org\/{rel}","templated":true}]}}

<p><strong>After two
centers were opened in Kotor and Buna near Mostar, the third and final Cluster
Support Center was opened in Kaštel Sućurac near Split on 29 November 2019. </strong></p>



<p>The BACAR project aims to strengthen the
competencies of entrepreneurs by establishing three cross-border clusters. These
clusters are providing expertise in the field of creative industry, tourism and
local food, in order to foster innovations and transfer new technologies. Because
of BACAR, entrepreneurs and their cross-border network will become active
members of the European Network of Entrepreneurs. </p>



<p>More than 50 entrepreneurs attended the
opening of the Kaštel Sućurac center, and it was a great opportunity to showcase
achievements of the project to representatives of tourism, local food and
creative industries.</p>



<p><em>“The BACAR project is an outstanding example of strengthening cross-border cooperation, good neighborly relations and pooling of knowledge and experience in all three countries. We are grateful to all national and cross-border partners, businesspersons and other participants in the project for their exceptional cooperation during 30 months of implementation. Trainings, advisory services, targeted events, trade show presentations and study visits aimed to raise awareness and benefits of SMEs clustering. This facilitated the path to the creation of three clusters and their cross-border networks as carriers of innovative activities in the region.”</em> said Jelena Stjepčević, project manager of BACAR.</p>



<figure class="wp-block-gallery columns-3 is-cropped"><ul class="blocks-gallery-grid"><li class="blocks-gallery-item"><figure><a href="https://interreg-hr-ba-me.eu/2014/wp-content/uploads/2019/12/Opening-of-3rd-Cluster-Support-Center-marks-end-of-BACAR-project-1.jpg"><img loading="lazy" width="1024" height="683" src="https://interreg-hr-ba-me.eu/2014/wp-content/uploads/2019/12/Opening-of-3rd-Cluster-Support-Center-marks-end-of-BACAR-project-1-1024x683.jpg" alt="" data-id="5220" data-full-url="https://interreg-hr-ba-me.eu/2014/wp-content/uploads/2019/12/Opening-of-3rd-Cluster-Support-Center-marks-end-of-BACAR-project-1.jpg" data-link="https://interreg-hr-ba-me.eu/2014/?attachment_id=5220#main" class="wp-image-5220" srcset="https://interreg-hr-ba-me.eu/2014/wp-content/uploads/2019/12/Opening-of-3rd-Cluster-Support-Center-marks-end-of-BACAR-project-1-1024x683.jpg 1024w, https://interreg-hr-ba-me.eu/2014/wp-content/uploads/2019/12/Opening-of-3rd-Cluster-Support-Center-marks-end-of-BACAR-project-1-300x200.jpg 300w, https://interreg-hr-ba-me.eu/2014/wp-content/uploads/2019/12/Opening-of-3rd-Cluster-Support-Center-marks-end-of-BACAR-project-1-768x512.jpg 768w, https://interreg-hr-ba-me.eu/2014/wp-content/uploads/2019/12/Opening-of-3rd-Cluster-Support-Center-marks-end-of-BACAR-project-1.jpg 1200w" sizes="(max-width: 1024px) 100vw, 1024px" /></a></figure></li><li class="blocks-gallery-item"><figure><a href="https://interreg-hr-ba-me.eu/2014/wp-content/uploads/2019/12/Opening-of-3rd-Cluster-Support-Center-marks-end-of-BACAR-project-2.jpg"><img loading="lazy" width="1024" height="683" src="https://interreg-hr-ba-me.eu/2014/wp-content/uploads/2019/12/Opening-of-3rd-Cluster-Support-Center-marks-end-of-BACAR-project-2-1024x683.jpg" alt="" data-id="5225" data-full-url="https://interreg-hr-ba-me.eu/2014/wp-content/uploads/2019/12/Opening-of-3rd-Cluster-Support-Center-marks-end-of-BACAR-project-2.jpg" data-link="https://interreg-hr-ba-me.eu/2014/?attachment_id=5225#main" class="wp-image-5225" srcset="https://interreg-hr-ba-me.eu/2014/wp-content/uploads/2019/12/Opening-of-3rd-Cluster-Support-Center-marks-end-of-BACAR-project-2-1024x683.jpg 1024w, https://interreg-hr-ba-me.eu/2014/wp-content/uploads/2019/12/Opening-of-3rd-Cluster-Support-Center-marks-end-of-BACAR-project-2-300x200.jpg 300w, https://interreg-hr-ba-me.eu/2014/wp-content/uploads/2019/12/Opening-of-3rd-Cluster-Support-Center-marks-end-of-BACAR-project-2-768x512.jpg 768w, https://interreg-hr-ba-me.eu/2014/wp-content/uploads/2019/12/Opening-of-3rd-Cluster-Support-Center-marks-end-of-BACAR-project-2-1536x1024.jpg 1536w, https://interreg-hr-ba-me.eu/2014/wp-content/uploads/2019/12/Opening-of-3rd-Cluster-Support-Center-marks-end-of-BACAR-project-2.jpg 1920w" sizes="(max-width: 1024px) 100vw, 1024px" /></a></figure></li><li class="blocks-gallery-item"><figure><a href="https://interreg-hr-ba-me.eu/2014/wp-content/uploads/2019/12/Opening-of-3rd-Cluster-Support-Center-marks-end-of-BACAR-project-3.jpg"><img loading="lazy" width="1024" height="768" src="https://interreg-hr-ba-me.eu/2014/wp-content/uploads/2019/12/Opening-of-3rd-Cluster-Support-Center-marks-end-of-BACAR-project-3-1024x768.jpg" alt="" data-id="5221" data-full-url="https://interreg-hr-ba-me.eu/2014/wp-content/uploads/2019/12/Opening-of-3rd-Cluster-Support-Center-marks-end-of-BACAR-project-3.jpg" data-link="https://interreg-hr-ba-me.eu/2014/?attachment_id=5221#main" class="wp-image-5221" srcset="https://interreg-hr-ba-me.eu/2014/wp-content/uploads/2019/12/Opening-of-3rd-Cluster-Support-Center-marks-end-of-BACAR-project-3-1024x768.jpg 1024w, https://interreg-hr-ba-me.eu/2014/wp-content/uploads/2019/12/Opening-of-3rd-Cluster-Support-Center-marks-end-of-BACAR-project-3-300x225.jpg 300w, https://interreg-hr-ba-me.eu/2014/wp-content/uploads/2019/12/Opening-of-3rd-Cluster-Support-Center-marks-end-of-BACAR-project-3-768x576.jpg 768w, https://interreg-hr-ba-me.eu/2014/wp-content/uploads/2019/12/Opening-of-3rd-Cluster-Support-Center-marks-end-of-BACAR-project-3-1536x1152.jpg 1536w, https://interreg-hr-ba-me.eu/2014/wp-content/uploads/2019/12/Opening-of-3rd-Cluster-Support-Center-marks-end-of-BACAR-project-3.jpg 1600w" sizes="(max-width: 1024px) 100vw, 1024px" /></a></figure></li><li class="blocks-gallery-item"><figure><a href="https://interreg-hr-ba-me.eu/2014/wp-content/uploads/2019/12/Opening-of-3rd-Cluster-Support-Center-marks-end-of-BACAR-project-4.jpg"><img loading="lazy" width="768" height="1024" src="https://interreg-hr-ba-me.eu/2014/wp-content/uploads/2019/12/Opening-of-3rd-Cluster-Support-Center-marks-end-of-BACAR-project-4-768x1024.jpg" alt="" data-id="5222" data-full-url="https://interreg-hr-ba-me.eu/2014/wp-content/uploads/2019/12/Opening-of-3rd-Cluster-Support-Center-marks-end-of-BACAR-project-4.jpg" data-link="https://interreg-hr-ba-me.eu/2014/?attachment_id=5222#main" class="wp-image-5222" srcset="https://interreg-hr-ba-me.eu/2014/wp-content/uploads/2019/12/Opening-of-3rd-Cluster-Support-Center-marks-end-of-BACAR-project-4-768x1024.jpg 768w, https://interreg-hr-ba-me.eu/2014/wp-content/uploads/2019/12/Opening-of-3rd-Cluster-Support-Center-marks-end-of-BACAR-project-4-225x300.jpg 225w, https://interreg-hr-ba-me.eu/2014/wp-content/uploads/2019/12/Opening-of-3rd-Cluster-Support-Center-marks-end-of-BACAR-project-4-1152x1536.jpg 1152w, https://interreg-hr-ba-me.eu/2014/wp-content/uploads/2019/12/Opening-of-3rd-Cluster-Support-Center-marks-end-of-BACAR-project-4.jpg 1200w" sizes="(max-width: 768px) 100vw, 768px" /></a></figure></li><li class="blocks-gallery-item"><figure><a href="https://interreg-hr-ba-me.eu/2014/wp-content/uploads/2019/12/Opening-of-3rd-Cluster-Support-Center-marks-end-of-BACAR-project-5.jpg"><img loading="lazy" width="1024" height="768" src="https://interreg-hr-ba-me.eu/2014/wp-content/uploads/2019/12/Opening-of-3rd-Cluster-Support-Center-marks-end-of-BACAR-project-5-1024x768.jpg" alt="" data-id="5223" data-full-url="https://interreg-hr-ba-me.eu/2014/wp-content/uploads/2019/12/Opening-of-3rd-Cluster-Support-Center-marks-end-of-BACAR-project-5.jpg" data-link="https://interreg-hr-ba-me.eu/2014/?attachment_id=5223#main" class="wp-image-5223" srcset="https://interreg-hr-ba-me.eu/2014/wp-content/uploads/2019/12/Opening-of-3rd-Cluster-Support-Center-marks-end-of-BACAR-project-5-1024x768.jpg 1024w, https://interreg-hr-ba-me.eu/2014/wp-content/uploads/2019/12/Opening-of-3rd-Cluster-Support-Center-marks-end-of-BACAR-project-5-300x225.jpg 300w, https://interreg-hr-ba-me.eu/2014/wp-content/uploads/2019/12/Opening-of-3rd-Cluster-Support-Center-marks-end-of-BACAR-project-5-768x576.jpg 768w, https://interreg-hr-ba-me.eu/2014/wp-content/uploads/2019/12/Opening-of-3rd-Cluster-Support-Center-marks-end-of-BACAR-project-5-1536x1152.jpg 1536w, https://interreg-hr-ba-me.eu/2014/wp-content/uploads/2019/12/Opening-of-3rd-Cluster-Support-Center-marks-end-of-BACAR-project-5.jpg 1600w" sizes="(max-width: 1024px) 100vw, 1024px" /></a></figure></li><li class="blocks-gallery-item"><figure><a href="https://interreg-hr-ba-me.eu/2014/wp-content/uploads/2019/12/Opening-of-3rd-Cluster-Support-Center-marks-end-of-BACAR-project-6.jpg"><img loading="lazy" width="1024" height="768" src="https://interreg-hr-ba-me.eu/2014/wp-content/uploads/2019/12/Opening-of-3rd-Cluster-Support-Center-marks-end-of-BACAR-project-6-1024x768.jpg" alt="" data-id="5224" data-full-url="https://interreg-hr-ba-me.eu/2014/wp-content/uploads/2019/12/Opening-of-3rd-Cluster-Support-Center-marks-end-of-BACAR-project-6.jpg" data-link="https://interreg-hr-ba-me.eu/2014/?attachment_id=5224#main" class="wp-image-5224" srcset="https://interreg-hr-ba-me.eu/2014/wp-content/uploads/2019/12/Opening-of-3rd-Cluster-Support-Center-marks-end-of-BACAR-project-6-1024x768.jpg 1024w, https://interreg-hr-ba-me.eu/2014/wp-content/uploads/2019/12/Opening-of-3rd-Cluster-Support-Center-marks-end-of-BACAR-project-6-300x225.jpg 300w, https://interreg-hr-ba-me.eu/2014/wp-content/uploads/2019/12/Opening-of-3rd-Cluster-Support-Center-marks-end-of-BACAR-project-6-768x576.jpg 768w, https://interreg-hr-ba-me.eu/2014/wp-content/uploads/2019/12/Opening-of-3rd-Cluster-Support-Center-marks-end-of-BACAR-project-6-1536x1152.jpg 1536w, https://interreg-hr-ba-me.eu/2014/wp-content/uploads/2019/12/Opening-of-3rd-Cluster-Support-Center-marks-end-of-BACAR-project-6.jpg 1600w" sizes="(max-width: 1024px) 100vw, 1024px" /></a></figure></li></ul></figure>



<p>The newly opened Cluster Support Center in Kaštel Sućurac and cluster forum</p>



<p>Attendees of the event were also addressed
by the mayor of Kaštel Sućurac&nbsp; Mr Denis
Ivanović , the deputy mayor Ms Jadranka Matok Bosančić on behalf of the Lead
Partner &#8211; Municipality of Kotor, as well as representatives of project
partners: Public Institution RERA SD for Coordination and Development of Split
Dalmatia County, Mr Srećko Radnić, representative of the Ministry of Economy
Herzegovina-Neretva Canton, Ms Simić Skutor and Chamber of Commerce and
Industry of Trebinje Region, Mr Veselin Savić. The event was also attended by
representatives of the Joint Secretariat and National Authority of Montenegro. </p>



<p>Day before the opening a cluster forum was
organized in Kaštel Sućurac to present three clusters to the local community
and stakeholders. On this occasion, two memorandums on cross-border networking
and cooperation were signed between representatives of the creative industry
and local food clusters, while the memorandum on tourism cluster was signed at
the Mostar Fair in April 2019. </p>



<p><em>The BACAR
project is implemented by five partners from Croatia, Bosnia and Herzegovina
and Montenegro within the Programme Priority Axis 4: <strong>Enhancing competitiveness and developing business environment in the
programme area</strong>. The total budget of the project is 1.019.843,87 EUR and the
total EU co-financing is 866.867,28 EUR of <strong>ERDF
and IPA II funds</strong>. The project started on 1 June 2017 and finished on 30
November 2019.</em></p>
