{"id":8252,"date":"2022-08-10T12:52:06","date_gmt":"2022-08-10T10:52:06","guid":{"rendered":"https:\/\/interreg-hr-ba-me.eu\/2014\/?post_type=novost&#038;p=8252"},"modified":"2022-08-10T12:52:07","modified_gmt":"2022-08-10T10:52:07","slug":"final-conference-of-project-development-through-digital-innovative-hubs-in-gradiska-daruvar-lipik-and-kotor","status":"publish","type":"novost","link":"https:\/\/interreg-hr-ba-me.eu\/2014\/novost\/final-conference-of-project-development-through-digital-innovative-hubs-in-gradiska-daruvar-lipik-and-kotor\/","title":{"rendered":"Final conference of project &#8220;Development through Digital Innovative HUBs in Gradi\u0161ka, Daruvar, Lipik and Kotor&#8221;"},"content":{"rendered":"\n<p>On Friday, July 29, 2022, the final conference of the &#8220;Development through Digital Innovative HUBs in Gradi\u0161ka, Daruvar, Lipik and Kotor&#8221; project was held in the premises of the Digital Innovation Center in Daruvar. The project &#8220;Development through Digital Innovative HUBs in Gradi\u0161ka, Daruvar, Lipik and Kotor&#8221; was over the past two years jointly implemented by the City of Gradi\u0161ka, as the Lead partner, the cities of Daruvar and Lipik, and the Municipality of Kotor as project partners.<\/p>\n\n\n\n<p>The conference began with welcoming speeches, during which the attendees were addressed by Nemanja Davidovi\u0107, the project coordinator in front of the City of Gradi\u0161ka, who emphasized the importance of regional and cross-border networking.<\/p>\n\n\n\n<p>Through the presentation, which was jointly prepared by all project partners, the results of the project were presented to all the guests. Through the work packages, all the activities realized during the duration of the project, which primarily relate to infrastructural works and the establishment of HUBs, organized events, held educations, prepared materials, study trips and many other activities, are presented. Despite the various difficulties that arose during the implementation of the project, which are primarily related to the difficult working conditions due to the COVID-19 virus pandemic, it was concluded that the results of the project have been achieved and will contribute to economic and technological development in the cross-border project area.<\/p>\n\n\n\n<p>The conference was attended by the director of the Development Agency Daruvar, Nicol Polenus, the head of the Department of Finance, Economy and Social Activities of the City of Lipik, Gordana Horvat, the deputy mayor of the city of Daruvar Vanda Cegledi, the head of the service of the Mayor of the City of Gradi\u0161ka, Dragutin Kova\u010devi\u0107, the director of the Development Agency of Gradi\u0161ka, Bogdan Vicanovi\u0107, and other representatives of partner institutions and guests.<\/p>\n\n\n\n<figure class=\"wp-block-image size-large\"><img loading=\"lazy\" width=\"1024\" height=\"684\" src=\"https:\/\/interreg-hr-ba-me.eu\/2014\/wp-content\/uploads\/2022\/08\/1-1024x684.jpg\" alt=\"\" class=\"wp-image-8253\" srcset=\"https:\/\/interreg-hr-ba-me.eu\/2014\/wp-content\/uploads\/2022\/08\/1-1024x684.jpg 1024w, https:\/\/interreg-hr-ba-me.eu\/2014\/wp-content\/uploads\/2022\/08\/1-300x200.jpg 300w, https:\/\/interreg-hr-ba-me.eu\/2014\/wp-content\/uploads\/2022\/08\/1-768x513.jpg 768w, https:\/\/interreg-hr-ba-me.eu\/2014\/wp-content\/uploads\/2022\/08\/1.jpg 1200w\" sizes=\"(max-width: 1024px) 100vw, 1024px\" \/><\/figure>\n\n\n\n<figure class=\"wp-block-image size-large\"><img loading=\"lazy\" width=\"1024\" height=\"684\" src=\"https:\/\/interreg-hr-ba-me.eu\/2014\/wp-content\/uploads\/2022\/08\/2-1024x684.jpg\" alt=\"\" class=\"wp-image-8254\" srcset=\"https:\/\/interreg-hr-ba-me.eu\/2014\/wp-content\/uploads\/2022\/08\/2-1024x684.jpg 1024w, https:\/\/interreg-hr-ba-me.eu\/2014\/wp-content\/uploads\/2022\/08\/2-300x200.jpg 300w, https:\/\/interreg-hr-ba-me.eu\/2014\/wp-content\/uploads\/2022\/08\/2-768x513.jpg 768w, https:\/\/interreg-hr-ba-me.eu\/2014\/wp-content\/uploads\/2022\/08\/2.jpg 1200w\" sizes=\"(max-width: 1024px) 100vw, 1024px\" \/><\/figure>\n","protected":false},"featured_media":8254,"template":"","news-category":[27],"project-category":[95],"_links":{"self":[{"href":"https:\/\/interreg-hr-ba-me.eu\/2014\/wp-json\/wp\/v2\/novost\/8252"}],"collection":[{"href":"https:\/\/interreg-hr-ba-me.eu\/2014\/wp-json\/wp\/v2\/novost"}],"about":[{"href":"https:\/\/interreg-hr-ba-me.eu\/2014\/wp-json\/wp\/v2\/types\/novost"}],"wp:featuredmedia":[{"embeddable":true,"href":"https:\/\/interreg-hr-ba-me.eu\/2014\/wp-json\/wp\/v2\/media\/8254"}],"wp:attachment":[{"href":"https:\/\/interreg-hr-ba-me.eu\/2014\/wp-json\/wp\/v2\/media?parent=8252"}],"wp:term":[{"taxonomy":"news-category","embeddable":true,"href":"https:\/\/interreg-hr-ba-me.eu\/2014\/wp-json\/wp\/v2\/news-category?post=8252"},{"taxonomy":"project-category","embeddable":true,"href":"https:\/\/interreg-hr-ba-me.eu\/2014\/wp-json\/wp\/v2\/project-category?post=8252"}],"curies":[{"name":"wp","href":"https:\/\/api.w.org\/{rel}","templated":true}]}}

Final conference of project &#8220;Development through Digital Innovative HUBs in Gradiška, Daruvar, Lipik and Kotor&#8221;

<p>On Friday, July 29, 2022, the final conference of the &#8220;Development through Digital Innovative HUBs in Gradiška, Daruvar, Lipik and Kotor&#8221; project was held in the premises of the Digital Innovation Center in Daruvar. The project &#8220;Development through Digital Innovative HUBs in Gradiška, Daruvar, Lipik and Kotor&#8221; was over the past two years jointly implemented by the City of Gradiška, as the Lead partner, the cities of Daruvar and Lipik, and the Municipality of Kotor as project partners.</p>



<p>The conference began with welcoming speeches, during which the attendees were addressed by Nemanja Davidović, the project coordinator in front of the City of Gradiška, who emphasized the importance of regional and cross-border networking.</p>



<p>Through the presentation, which was jointly prepared by all project partners, the results of the project were presented to all the guests. Through the work packages, all the activities realized during the duration of the project, which primarily relate to infrastructural works and the establishment of HUBs, organized events, held educations, prepared materials, study trips and many other activities, are presented. Despite the various difficulties that arose during the implementation of the project, which are primarily related to the difficult working conditions due to the COVID-19 virus pandemic, it was concluded that the results of the project have been achieved and will contribute to economic and technological development in the cross-border project area.</p>



<p>The conference was attended by the director of the Development Agency Daruvar, Nicol Polenus, the head of the Department of Finance, Economy and Social Activities of the City of Lipik, Gordana Horvat, the deputy mayor of the city of Daruvar Vanda Cegledi, the head of the service of the Mayor of the City of Gradiška, Dragutin Kovačević, the director of the Development Agency of Gradiška, Bogdan Vicanović, and other representatives of partner institutions and guests.</p>



<figure class="wp-block-image size-large"><img loading="lazy" width="1024" height="684" src="https://interreg-hr-ba-me.eu/2014/wp-content/uploads/2022/08/1-1024x684.jpg" alt="" class="wp-image-8253" srcset="https://interreg-hr-ba-me.eu/2014/wp-content/uploads/2022/08/1-1024x684.jpg 1024w, https://interreg-hr-ba-me.eu/2014/wp-content/uploads/2022/08/1-300x200.jpg 300w, https://interreg-hr-ba-me.eu/2014/wp-content/uploads/2022/08/1-768x513.jpg 768w, https://interreg-hr-ba-me.eu/2014/wp-content/uploads/2022/08/1.jpg 1200w" sizes="(max-width: 1024px) 100vw, 1024px" /></figure>



<figure class="wp-block-image size-large"><img loading="lazy" width="1024" height="684" src="https://interreg-hr-ba-me.eu/2014/wp-content/uploads/2022/08/2-1024x684.jpg" alt="" class="wp-image-8254" srcset="https://interreg-hr-ba-me.eu/2014/wp-content/uploads/2022/08/2-1024x684.jpg 1024w, https://interreg-hr-ba-me.eu/2014/wp-content/uploads/2022/08/2-300x200.jpg 300w, https://interreg-hr-ba-me.eu/2014/wp-content/uploads/2022/08/2-768x513.jpg 768w, https://interreg-hr-ba-me.eu/2014/wp-content/uploads/2022/08/2.jpg 1200w" sizes="(max-width: 1024px) 100vw, 1024px" /></figure>
