{"id":8688,"date":"2023-02-09T09:16:17","date_gmt":"2023-02-09T08:16:17","guid":{"rendered":"https:\/\/interreg-hr-ba-me.eu\/2014\/?post_type=novost&#038;p=8688"},"modified":"2023-02-09T09:20:51","modified_gmt":"2023-02-09T08:20:51","slug":"final-conference-of-the-project-safe-together-risk-prevention-in-the-cross-border-area","status":"publish","type":"novost","link":"https:\/\/interreg-hr-ba-me.eu\/2014\/novost\/final-conference-of-the-project-safe-together-risk-prevention-in-the-cross-border-area\/","title":{"rendered":"Final conference of the project Safe Together \u2013 Risk prevention in the cross-border area"},"content":{"rendered":"\n<p>On Tuesday, 31 January 2023, the final conference of the project Safe Together \u2013 Risk prevention in the cross-border area, co-financed from the INTERREG IPA CBC Programme Croatia \u2013 Bosnia and Herzegovina \u2013 Montenegro 2014-2020, was held in the premises of Cultural Center Gradi\u0161ka.<\/p>\n\n\n\n<p>As a part of this project event, final conference was organized for state and regional officials, mayors, civil protection, representatives of mountain rescue services, representatives of the media. All three project partners: Ministry of Interior &#8211; Directorate for rescue and protection, City of Gradi\u0161ka and City of Daruvar participated and presented the implemented activities and achieved project results.<\/p>\n\n\n\n<p>The conference began with welcoming speeches by representatives of all three partners, who emphasized the importance of cross-border cooperation in preventing the risk of various natural disasters.<\/p>\n\n\n\n<p>The mayor of the City of Gradi\u0161ka, Mr. Zoran Ad\u017ei\u0107, highlighted the achieved results of the project through which the material and human capacities were strengthened, which through various trainings were trained to react adequately during natural calamities and natural disasters. Those present were also addressed by Mr. Radomir \u0160\u0107epanovi\u0107, Head of the Directorate for Operational Affairs &#8211; Ministry of Internal Affairs of Montenegro and Mr. Damir Lneni\u010dek, mayor of City of Daruvar, who emphasized the importance and significance of this project.<\/p>\n\n\n\n<p>The final conference was concluded with the achievement of project results:<\/p>\n\n\n\n<ul><li>Strengthened material capacities for risk prevention, protection and rescue in case of natural disasters;<\/li><li>Strengthened human capacities for rescue and protection through a joint training program in the cross-border area;<\/li><li>Established Mountain Rescue Service Gradi\u0161ka &#8211; GSS Gradi\u0161ka;<\/li><li>A joint demonstration exercise which was held in Daruvar;<\/li><li>Public promotion of the project.<\/li><\/ul>\n\n\n\n<p>More about Safe Together \u2013 Risk prevention in the cross-border area project can be found <a href=\"https:\/\/interreg-hr-ba-me.eu\/2014\/project\/safe-together\/\">here<\/a>.<\/p>\n\n\n\n<figure class=\"wp-block-image size-large\"><img loading=\"lazy\" width=\"1024\" height=\"768\" src=\"https:\/\/interreg-hr-ba-me.eu\/2014\/wp-content\/uploads\/2023\/02\/4-1024x768.jpg\" alt=\"\" class=\"wp-image-8690\" srcset=\"https:\/\/interreg-hr-ba-me.eu\/2014\/wp-content\/uploads\/2023\/02\/4-1024x768.jpg 1024w, https:\/\/interreg-hr-ba-me.eu\/2014\/wp-content\/uploads\/2023\/02\/4-300x225.jpg 300w, https:\/\/interreg-hr-ba-me.eu\/2014\/wp-content\/uploads\/2023\/02\/4-768x576.jpg 768w, https:\/\/interreg-hr-ba-me.eu\/2014\/wp-content\/uploads\/2023\/02\/4-1536x1152.jpg 1536w, https:\/\/interreg-hr-ba-me.eu\/2014\/wp-content\/uploads\/2023\/02\/4.jpg 1920w\" sizes=\"(max-width: 1024px) 100vw, 1024px\" \/><\/figure>\n\n\n\n<figure class=\"wp-block-image size-large\"><img loading=\"lazy\" width=\"1024\" height=\"576\" src=\"https:\/\/interreg-hr-ba-me.eu\/2014\/wp-content\/uploads\/2023\/02\/3-1024x576.jpg\" alt=\"\" class=\"wp-image-8689\" srcset=\"https:\/\/interreg-hr-ba-me.eu\/2014\/wp-content\/uploads\/2023\/02\/3-1024x576.jpg 1024w, https:\/\/interreg-hr-ba-me.eu\/2014\/wp-content\/uploads\/2023\/02\/3-300x169.jpg 300w, https:\/\/interreg-hr-ba-me.eu\/2014\/wp-content\/uploads\/2023\/02\/3-768x432.jpg 768w, https:\/\/interreg-hr-ba-me.eu\/2014\/wp-content\/uploads\/2023\/02\/3-1536x864.jpg 1536w, https:\/\/interreg-hr-ba-me.eu\/2014\/wp-content\/uploads\/2023\/02\/3.jpg 1836w\" sizes=\"(max-width: 1024px) 100vw, 1024px\" \/><\/figure>\n\n\n\n<figure class=\"wp-block-image size-large\"><img loading=\"lazy\" width=\"1024\" height=\"768\" src=\"https:\/\/interreg-hr-ba-me.eu\/2014\/wp-content\/uploads\/2023\/02\/1-1024x768.jpg\" alt=\"\" class=\"wp-image-8691\" srcset=\"https:\/\/interreg-hr-ba-me.eu\/2014\/wp-content\/uploads\/2023\/02\/1-1024x768.jpg 1024w, https:\/\/interreg-hr-ba-me.eu\/2014\/wp-content\/uploads\/2023\/02\/1-300x225.jpg 300w, https:\/\/interreg-hr-ba-me.eu\/2014\/wp-content\/uploads\/2023\/02\/1-768x576.jpg 768w, https:\/\/interreg-hr-ba-me.eu\/2014\/wp-content\/uploads\/2023\/02\/1-1536x1152.jpg 1536w, https:\/\/interreg-hr-ba-me.eu\/2014\/wp-content\/uploads\/2023\/02\/1.jpg 1920w\" sizes=\"(max-width: 1024px) 100vw, 1024px\" \/><\/figure>\n\n\n\n<figure class=\"wp-block-image size-large\"><img loading=\"lazy\" width=\"1024\" height=\"576\" src=\"https:\/\/interreg-hr-ba-me.eu\/2014\/wp-content\/uploads\/2023\/02\/2-1024x576.jpg\" alt=\"\" class=\"wp-image-8692\" srcset=\"https:\/\/interreg-hr-ba-me.eu\/2014\/wp-content\/uploads\/2023\/02\/2-1024x576.jpg 1024w, https:\/\/interreg-hr-ba-me.eu\/2014\/wp-content\/uploads\/2023\/02\/2-300x169.jpg 300w, https:\/\/interreg-hr-ba-me.eu\/2014\/wp-content\/uploads\/2023\/02\/2-768x432.jpg 768w, https:\/\/interreg-hr-ba-me.eu\/2014\/wp-content\/uploads\/2023\/02\/2-1536x864.jpg 1536w, https:\/\/interreg-hr-ba-me.eu\/2014\/wp-content\/uploads\/2023\/02\/2.jpg 1836w\" sizes=\"(max-width: 1024px) 100vw, 1024px\" \/><\/figure>\n","protected":false},"featured_media":8691,"template":"","news-category":[27],"project-category":[85],"_links":{"self":[{"href":"https:\/\/interreg-hr-ba-me.eu\/2014\/wp-json\/wp\/v2\/novost\/8688"}],"collection":[{"href":"https:\/\/interreg-hr-ba-me.eu\/2014\/wp-json\/wp\/v2\/novost"}],"about":[{"href":"https:\/\/interreg-hr-ba-me.eu\/2014\/wp-json\/wp\/v2\/types\/novost"}],"wp:featuredmedia":[{"embeddable":true,"href":"https:\/\/interreg-hr-ba-me.eu\/2014\/wp-json\/wp\/v2\/media\/8691"}],"wp:attachment":[{"href":"https:\/\/interreg-hr-ba-me.eu\/2014\/wp-json\/wp\/v2\/media?parent=8688"}],"wp:term":[{"taxonomy":"news-category","embeddable":true,"href":"https:\/\/interreg-hr-ba-me.eu\/2014\/wp-json\/wp\/v2\/news-category?post=8688"},{"taxonomy":"project-category","embeddable":true,"href":"https:\/\/interreg-hr-ba-me.eu\/2014\/wp-json\/wp\/v2\/project-category?post=8688"}],"curies":[{"name":"wp","href":"https:\/\/api.w.org\/{rel}","templated":true}]}}

<p>On Tuesday, 31 January 2023, the final conference of the project Safe Together – Risk prevention in the cross-border area, co-financed from the INTERREG IPA CBC Programme Croatia – Bosnia and Herzegovina – Montenegro 2014-2020, was held in the premises of Cultural Center Gradiška.</p>



<p>As a part of this project event, final conference was organized for state and regional officials, mayors, civil protection, representatives of mountain rescue services, representatives of the media. All three project partners: Ministry of Interior &#8211; Directorate for rescue and protection, City of Gradiška and City of Daruvar participated and presented the implemented activities and achieved project results.</p>



<p>The conference began with welcoming speeches by representatives of all three partners, who emphasized the importance of cross-border cooperation in preventing the risk of various natural disasters.</p>



<p>The mayor of the City of Gradiška, Mr. Zoran Adžić, highlighted the achieved results of the project through which the material and human capacities were strengthened, which through various trainings were trained to react adequately during natural calamities and natural disasters. Those present were also addressed by Mr. Radomir Šćepanović, Head of the Directorate for Operational Affairs &#8211; Ministry of Internal Affairs of Montenegro and Mr. Damir Lneniček, mayor of City of Daruvar, who emphasized the importance and significance of this project.</p>



<p>The final conference was concluded with the achievement of project results:</p>



<ul><li>Strengthened material capacities for risk prevention, protection and rescue in case of natural disasters;</li><li>Strengthened human capacities for rescue and protection through a joint training program in the cross-border area;</li><li>Established Mountain Rescue Service Gradiška &#8211; GSS Gradiška;</li><li>A joint demonstration exercise which was held in Daruvar;</li><li>Public promotion of the project.</li></ul>



<p>More about Safe Together – Risk prevention in the cross-border area project can be found <a href="https://interreg-hr-ba-me.eu/2014/project/safe-together/">here</a>.</p>



<figure class="wp-block-image size-large"><img loading="lazy" width="1024" height="768" src="https://interreg-hr-ba-me.eu/2014/wp-content/uploads/2023/02/4-1024x768.jpg" alt="" class="wp-image-8690" srcset="https://interreg-hr-ba-me.eu/2014/wp-content/uploads/2023/02/4-1024x768.jpg 1024w, https://interreg-hr-ba-me.eu/2014/wp-content/uploads/2023/02/4-300x225.jpg 300w, https://interreg-hr-ba-me.eu/2014/wp-content/uploads/2023/02/4-768x576.jpg 768w, https://interreg-hr-ba-me.eu/2014/wp-content/uploads/2023/02/4-1536x1152.jpg 1536w, https://interreg-hr-ba-me.eu/2014/wp-content/uploads/2023/02/4.jpg 1920w" sizes="(max-width: 1024px) 100vw, 1024px" /></figure>



<figure class="wp-block-image size-large"><img loading="lazy" width="1024" height="576" src="https://interreg-hr-ba-me.eu/2014/wp-content/uploads/2023/02/3-1024x576.jpg" alt="" class="wp-image-8689" srcset="https://interreg-hr-ba-me.eu/2014/wp-content/uploads/2023/02/3-1024x576.jpg 1024w, https://interreg-hr-ba-me.eu/2014/wp-content/uploads/2023/02/3-300x169.jpg 300w, https://interreg-hr-ba-me.eu/2014/wp-content/uploads/2023/02/3-768x432.jpg 768w, https://interreg-hr-ba-me.eu/2014/wp-content/uploads/2023/02/3-1536x864.jpg 1536w, https://interreg-hr-ba-me.eu/2014/wp-content/uploads/2023/02/3.jpg 1836w" sizes="(max-width: 1024px) 100vw, 1024px" /></figure>



<figure class="wp-block-image size-large"><img loading="lazy" width="1024" height="768" src="https://interreg-hr-ba-me.eu/2014/wp-content/uploads/2023/02/1-1024x768.jpg" alt="" class="wp-image-8691" srcset="https://interreg-hr-ba-me.eu/2014/wp-content/uploads/2023/02/1-1024x768.jpg 1024w, https://interreg-hr-ba-me.eu/2014/wp-content/uploads/2023/02/1-300x225.jpg 300w, https://interreg-hr-ba-me.eu/2014/wp-content/uploads/2023/02/1-768x576.jpg 768w, https://interreg-hr-ba-me.eu/2014/wp-content/uploads/2023/02/1-1536x1152.jpg 1536w, https://interreg-hr-ba-me.eu/2014/wp-content/uploads/2023/02/1.jpg 1920w" sizes="(max-width: 1024px) 100vw, 1024px" /></figure>



<figure class="wp-block-image size-large"><img loading="lazy" width="1024" height="576" src="https://interreg-hr-ba-me.eu/2014/wp-content/uploads/2023/02/2-1024x576.jpg" alt="" class="wp-image-8692" srcset="https://interreg-hr-ba-me.eu/2014/wp-content/uploads/2023/02/2-1024x576.jpg 1024w, https://interreg-hr-ba-me.eu/2014/wp-content/uploads/2023/02/2-300x169.jpg 300w, https://interreg-hr-ba-me.eu/2014/wp-content/uploads/2023/02/2-768x432.jpg 768w, https://interreg-hr-ba-me.eu/2014/wp-content/uploads/2023/02/2-1536x864.jpg 1536w, https://interreg-hr-ba-me.eu/2014/wp-content/uploads/2023/02/2.jpg 1836w" sizes="(max-width: 1024px) 100vw, 1024px" /></figure>
